{"id":1224,"date":"2016-04-12T09:16:27","date_gmt":"2016-04-12T09:16:27","guid":{"rendered":"http:\/\/wtsdeski.pl\/?page_id=1224"},"modified":"2025-01-14T14:31:53","modified_gmt":"2025-01-14T14:31:53","slug":"cezary-zawal","status":"publish","type":"page","link":"https:\/\/deski.org\/en\/cezary-zawal\/","title":{"rendered":"CEZARY ZAWAL"},"content":{"rendered":"<div class=\"wpb-content-wrapper\"><p>[vc_row][vc_column width=&#8221;1\/2&#8243;]<div class=\"single_image wpb_content_element align-left    \" data-animation=\"none\" data-delay=\"0\"><img loading=\"lazy\" decoding=\"async\" width=\"600\" height=\"353\" src=\"https:\/\/deski.org\/wp-content\/uploads\/2016\/04\/tenis_czarek.png\" class=\"attachment-full\" alt=\"\" title=\"tenis_czarek\" srcset=\"https:\/\/deski.org\/wp-content\/uploads\/2016\/04\/tenis_czarek.png 600w, https:\/\/deski.org\/wp-content\/uploads\/2016\/04\/tenis_czarek-300x177.png 300w, https:\/\/deski.org\/wp-content\/uploads\/2016\/04\/tenis_czarek-24x14.png 24w, https:\/\/deski.org\/wp-content\/uploads\/2016\/04\/tenis_czarek-36x21.png 36w, https:\/\/deski.org\/wp-content\/uploads\/2016\/04\/tenis_czarek-48x28.png 48w\" sizes=\"auto, (max-width: 600px) 100vw, 600px\" \/><\/div><div class=\"spacer\" style=\"height: 40px;\"><\/div>[\/vc_column][vc_column width=&#8221;1\/2&#8243;][vc_column_text]<\/p>\n<p align=\"justify\">Jestem absolwentem Akademii Wychowania Fizycznego w Warszawie (specjalizacja: Przedsi\u0119biorczo\u015b\u0107 w Kulturze Fizycznej) i\u00a0 trenerem tenisa I klasy (specjalizacj\u0119 uko\u0144czy\u0142em w Akademii Wychowania Fizycznego w Poznaniu).<\/p>\n<p align=\"justify\">W latach 1979 &#8211; 1991 by\u0142em zawodnikiem klubu &#8220;Budowlani&#8221; Olsztyn. Zwyci\u0119\u017cy\u0142em w ponad 30 turniejach wojew\u00f3dzkich i og\u00f3lnopolskich. W latach 1983 &#8211; 1989 by\u0142em obj\u0119ty centralnym szkoleniem dla zawodnik\u00f3w sklasyfikowanych w pierwszej 10-ce list PZT. Przez dwa lata (1988 &#8211; 1989) nale\u017ca\u0142em do kadry narodowej do lat 18. W 1989 roku zaj\u0105\u0142em I miejsce w Mistrzostwach Polski Junior\u00f3w w mik\u015bcie (w parze z Ma\u0142gorzat\u0105 Listowsk\u0105).<\/p>\n<p align=\"justify\">W klubie DeSki pracuj\u0119 od wrze\u015bnia 2007 roku. Poprzednio trenowa\u0142em zawodnik\u00f3w TKKF Falenica.<\/p>\n<p>[\/vc_column_text][\/vc_column][\/vc_row]<\/p>\n<\/div>","protected":false},"excerpt":{"rendered":"<p>[vc_row][vc_column width=&#8221;1\/2&#8243;][\/vc_column][vc_column width=&#8221;1\/2&#8243;][vc_column_text] Jestem absolwentem Akademii Wychowania Fizycznego w Warszawie (specjalizacja: Przedsi\u0119biorczo\u015b\u0107 w Kulturze Fizycznej) i\u00a0 trenerem tenisa I klasy (specjalizacj\u0119 uko\u0144czy\u0142em w Akademii Wychowania Fizycznego w Poznaniu). W latach 1979 &#8211; 1991 by\u0142em zawodnikiem klubu &#8220;Budowlani&#8221; Olsztyn. Zwyci\u0119\u017cy\u0142em w ponad 30 turniejach wojew\u00f3dzkich i og\u00f3lnopolskich. W latach 1983 &#8211; 1989 by\u0142em obj\u0119ty centralnym szkoleniem dla zawodnik\u00f3w sklasyfikowanych w pierwszej 10-ce list PZT. Przez dwa lata (1988 &#8211; 1989) nale\u017ca\u0142em do kadry narodowej do lat 18. W 1989 roku zaj\u0105\u0142em I miejsce w Mistrzostwach Polski Junior\u00f3w w mik\u015bcie (w parze z Ma\u0142gorzat\u0105 Listowsk\u0105). W klubie DeSki pracuj\u0119 od wrze\u015bnia 2007 roku. Poprzednio trenowa\u0142em zawodnik\u00f3w TKKF Falenica. [\/vc_column_text][\/vc_column][\/vc_row]<\/p>\n","protected":false},"author":1,"featured_media":0,"parent":0,"menu_order":0,"comment_status":"closed","ping_status":"closed","template":"","meta":{"_acf_changed":false,"_mo_disable_npp":"","_vp_format_video_url":"","_vp_image_focal_point":[],"footnotes":""},"class_list":["post-1224","page","type-page","status-publish","hentry"],"acf":[],"aioseo_notices":[],"_links":{"self":[{"href":"https:\/\/deski.org\/en\/wp-json\/wp\/v2\/pages\/1224","targetHints":{"allow":["GET"]}}],"collection":[{"href":"https:\/\/deski.org\/en\/wp-json\/wp\/v2\/pages"}],"about":[{"href":"https:\/\/deski.org\/en\/wp-json\/wp\/v2\/types\/page"}],"author":[{"embeddable":true,"href":"https:\/\/deski.org\/en\/wp-json\/wp\/v2\/users\/1"}],"replies":[{"embeddable":true,"href":"https:\/\/deski.org\/en\/wp-json\/wp\/v2\/comments?post=1224"}],"version-history":[{"count":3,"href":"https:\/\/deski.org\/en\/wp-json\/wp\/v2\/pages\/1224\/revisions"}],"predecessor-version":[{"id":22725,"href":"https:\/\/deski.org\/en\/wp-json\/wp\/v2\/pages\/1224\/revisions\/22725"}],"wp:attachment":[{"href":"https:\/\/deski.org\/en\/wp-json\/wp\/v2\/media?parent=1224"}],"curies":[{"name":"wp","href":"https:\/\/api.w.org\/{rel}","templated":true}]}}

<div class="wpb-content-wrapper"><p>[vc_row][vc_column width=&#8221;1/2&#8243;]<div class="single_image wpb_content_element align-left    " data-animation="none" data-delay="0"><img loading="lazy" decoding="async" width="600" height="353" src="https://deski.org/wp-content/uploads/2016/04/tenis_czarek.png" class="attachment-full" alt="" title="tenis_czarek" srcset="https://deski.org/wp-content/uploads/2016/04/tenis_czarek.png 600w, https://deski.org/wp-content/uploads/2016/04/tenis_czarek-300x177.png 300w, https://deski.org/wp-content/uploads/2016/04/tenis_czarek-24x14.png 24w, https://deski.org/wp-content/uploads/2016/04/tenis_czarek-36x21.png 36w, https://deski.org/wp-content/uploads/2016/04/tenis_czarek-48x28.png 48w" sizes="auto, (max-width: 600px) 100vw, 600px" /></div><div class="spacer" style="height: 40px;"></div>[/vc_column][vc_column width=&#8221;1/2&#8243;][vc_column_text]</p>
<p align="justify">Jestem absolwentem Akademii Wychowania Fizycznego w Warszawie (specjalizacja: Przedsiębiorczość w Kulturze Fizycznej) i  trenerem tenisa I klasy (specjalizację ukończyłem w Akademii Wychowania Fizycznego w Poznaniu).</p>
<p align="justify">W latach 1979 &#8211; 1991 byłem zawodnikiem klubu &#8220;Budowlani&#8221; Olsztyn. Zwyciężyłem w ponad 30 turniejach wojewódzkich i ogólnopolskich. W latach 1983 &#8211; 1989 byłem objęty centralnym szkoleniem dla zawodników sklasyfikowanych w pierwszej 10-ce list PZT. Przez dwa lata (1988 &#8211; 1989) należałem do kadry narodowej do lat 18. W 1989 roku zająłem I miejsce w Mistrzostwach Polski Juniorów w mikście (w parze z Małgorzatą Listowską).</p>
<p align="justify">W klubie DeSki pracuję od września 2007 roku. Poprzednio trenowałem zawodników TKKF Falenica.</p>
<p>[/vc_column_text][/vc_column][/vc_row]</p>
</div>

<p>[vc_row][vc_column width=&#8221;1/2&#8243;][/vc_column][vc_column width=&#8221;1/2&#8243;][vc_column_text] Jestem absolwentem Akademii Wychowania Fizycznego w Warszawie (specjalizacja: Przedsiębiorczość w Kulturze Fizycznej) i  trenerem tenisa I klasy (specjalizację ukończyłem w Akademii Wychowania Fizycznego w Poznaniu). W latach 1979 &#8211; 1991 byłem zawodnikiem klubu &#8220;Budowlani&#8221; Olsztyn. Zwyciężyłem w ponad 30 turniejach wojewódzkich i ogólnopolskich. W latach 1983 &#8211; 1989 byłem objęty centralnym szkoleniem dla zawodników sklasyfikowanych w pierwszej 10-ce list PZT. Przez dwa lata (1988 &#8211; 1989) należałem do kadry narodowej do lat 18. W 1989 roku zająłem I miejsce w Mistrzostwach Polski Juniorów w mikście (w parze z Małgorzatą Listowską). W klubie DeSki pracuję od września 2007 roku. Poprzednio trenowałem zawodników TKKF Falenica. [/vc_column_text][/vc_column][/vc_row]</p>
