{"id":15114,"date":"2022-08-31T14:52:30","date_gmt":"2022-08-31T14:52:30","guid":{"rendered":"https:\/\/deski.org\/?page_id=15114"},"modified":"2022-08-31T14:55:44","modified_gmt":"2022-08-31T14:55:44","slug":"jakub-danczak","status":"publish","type":"page","link":"https:\/\/deski.org\/en\/jakub-danczak\/","title":{"rendered":"JAKUB DA\u0143CZAK"},"content":{"rendered":"<div class=\"wpb-content-wrapper\"><p>[vc_row][vc_column width=&#8221;1\/2&#8243;]<div class=\"single_image wpb_content_element align-left    \" data-animation=\"none\" data-delay=\"0\"><img loading=\"lazy\" decoding=\"async\" width=\"1600\" height=\"1200\" src=\"https:\/\/deski.org\/wp-content\/uploads\/2022\/08\/WhatsApp-Image-2021-10-29-at-16.20.50.jpeg\" class=\"attachment-full\" alt=\"jakub da\u0144czak\" title=\"WhatsApp Image 2021-10-29 at 16.20.50\" srcset=\"https:\/\/deski.org\/wp-content\/uploads\/2022\/08\/WhatsApp-Image-2021-10-29-at-16.20.50.jpeg 1600w, https:\/\/deski.org\/wp-content\/uploads\/2022\/08\/WhatsApp-Image-2021-10-29-at-16.20.50-300x225.jpeg 300w, https:\/\/deski.org\/wp-content\/uploads\/2022\/08\/WhatsApp-Image-2021-10-29-at-16.20.50-1024x768.jpeg 1024w, https:\/\/deski.org\/wp-content\/uploads\/2022\/08\/WhatsApp-Image-2021-10-29-at-16.20.50-1536x1152.jpeg 1536w, https:\/\/deski.org\/wp-content\/uploads\/2022\/08\/WhatsApp-Image-2021-10-29-at-16.20.50-24x18.jpeg 24w, https:\/\/deski.org\/wp-content\/uploads\/2022\/08\/WhatsApp-Image-2021-10-29-at-16.20.50-36x27.jpeg 36w, https:\/\/deski.org\/wp-content\/uploads\/2022\/08\/WhatsApp-Image-2021-10-29-at-16.20.50-48x36.jpeg 48w\" sizes=\"auto, (max-width: 1600px) 100vw, 1600px\" \/><\/div><div class=\"spacer\" style=\"height: 40px;\"><\/div>[\/vc_column][vc_column width=&#8221;1\/2&#8243;][vc_column_text]Urodzony 3 listopada 2000r. w \u0141owiczu, pochodz\u0105cy z tenisowej rodziny, trener szkolenia podstawowego.<\/p>\n<p>Wielokrotny zwyci\u0119zca turniej\u00f3w wojew\u00f3dzkich i og\u00f3lnopolskich. Aktualnie student 3 roku Wy\u017cszej Szko\u0142y Zarz\u0105dzania i Administracji w Opolu.<\/p>\n<p>Wsp\u00f3\u0142prac\u0119 z DeSkami rozpocz\u0105\u0142 w pa\u017adzierniku 2019 roku, obecnie jest koordynatorem sekcji wyczynowej Akademii &#8211; Urwiski Pro.<br \/>\nJego zainteresowaniami s\u0105: tenis, koszyk\u00f3wka, chemia, a tak\u017ce historia II wojny \u015bwiatowej.[\/vc_column_text][\/vc_column][\/vc_row]<\/p>\n<\/div>","protected":false},"excerpt":{"rendered":"<p>[vc_row][vc_column width=&#8221;1\/2&#8243;][\/vc_column][vc_column width=&#8221;1\/2&#8243;][vc_column_text]Urodzony 3 listopada 2000r. w \u0141owiczu, pochodz\u0105cy z tenisowej rodziny, trener szkolenia podstawowego. Wielokrotny zwyci\u0119zca turniej\u00f3w wojew\u00f3dzkich i og\u00f3lnopolskich. Aktualnie student 3 roku Wy\u017cszej Szko\u0142y Zarz\u0105dzania i Administracji w Opolu. Wsp\u00f3\u0142prac\u0119 z DeSkami rozpocz\u0105\u0142 w pa\u017adzierniku 2019 roku, obecnie jest koordynatorem sekcji wyczynowej Akademii &#8211; Urwiski Pro. Jego zainteresowaniami s\u0105: tenis, koszyk\u00f3wka, chemia, a tak\u017ce historia II wojny \u015bwiatowej.[\/vc_column_text][\/vc_column][\/vc_row]<\/p>\n","protected":false},"author":6,"featured_media":0,"parent":0,"menu_order":0,"comment_status":"closed","ping_status":"closed","template":"","meta":{"_acf_changed":false,"_mo_disable_npp":"","_vp_format_video_url":"","_vp_image_focal_point":[],"footnotes":""},"class_list":["post-15114","page","type-page","status-publish","hentry"],"acf":[],"aioseo_notices":[],"_links":{"self":[{"href":"https:\/\/deski.org\/en\/wp-json\/wp\/v2\/pages\/15114","targetHints":{"allow":["GET"]}}],"collection":[{"href":"https:\/\/deski.org\/en\/wp-json\/wp\/v2\/pages"}],"about":[{"href":"https:\/\/deski.org\/en\/wp-json\/wp\/v2\/types\/page"}],"author":[{"embeddable":true,"href":"https:\/\/deski.org\/en\/wp-json\/wp\/v2\/users\/6"}],"replies":[{"embeddable":true,"href":"https:\/\/deski.org\/en\/wp-json\/wp\/v2\/comments?post=15114"}],"version-history":[{"count":2,"href":"https:\/\/deski.org\/en\/wp-json\/wp\/v2\/pages\/15114\/revisions"}],"predecessor-version":[{"id":15118,"href":"https:\/\/deski.org\/en\/wp-json\/wp\/v2\/pages\/15114\/revisions\/15118"}],"wp:attachment":[{"href":"https:\/\/deski.org\/en\/wp-json\/wp\/v2\/media?parent=15114"}],"curies":[{"name":"wp","href":"https:\/\/api.w.org\/{rel}","templated":true}]}}

JAKUB DAŃCZAK

<div class="wpb-content-wrapper"><p>[vc_row][vc_column width=&#8221;1/2&#8243;]<div class="single_image wpb_content_element align-left    " data-animation="none" data-delay="0"><img loading="lazy" decoding="async" width="1600" height="1200" src="https://deski.org/wp-content/uploads/2022/08/WhatsApp-Image-2021-10-29-at-16.20.50.jpeg" class="attachment-full" alt="jakub dańczak" title="WhatsApp Image 2021-10-29 at 16.20.50" srcset="https://deski.org/wp-content/uploads/2022/08/WhatsApp-Image-2021-10-29-at-16.20.50.jpeg 1600w, https://deski.org/wp-content/uploads/2022/08/WhatsApp-Image-2021-10-29-at-16.20.50-300x225.jpeg 300w, https://deski.org/wp-content/uploads/2022/08/WhatsApp-Image-2021-10-29-at-16.20.50-1024x768.jpeg 1024w, https://deski.org/wp-content/uploads/2022/08/WhatsApp-Image-2021-10-29-at-16.20.50-1536x1152.jpeg 1536w, https://deski.org/wp-content/uploads/2022/08/WhatsApp-Image-2021-10-29-at-16.20.50-24x18.jpeg 24w, https://deski.org/wp-content/uploads/2022/08/WhatsApp-Image-2021-10-29-at-16.20.50-36x27.jpeg 36w, https://deski.org/wp-content/uploads/2022/08/WhatsApp-Image-2021-10-29-at-16.20.50-48x36.jpeg 48w" sizes="auto, (max-width: 1600px) 100vw, 1600px" /></div><div class="spacer" style="height: 40px;"></div>[/vc_column][vc_column width=&#8221;1/2&#8243;][vc_column_text]Urodzony 3 listopada 2000r. w Łowiczu, pochodzący z tenisowej rodziny, trener szkolenia podstawowego.</p>
<p>Wielokrotny zwycięzca turniejów wojewódzkich i ogólnopolskich. Aktualnie student 3 roku Wyższej Szkoły Zarządzania i Administracji w Opolu.</p>
<p>Współpracę z DeSkami rozpoczął w październiku 2019 roku, obecnie jest koordynatorem sekcji wyczynowej Akademii &#8211; Urwiski Pro.<br />
Jego zainteresowaniami są: tenis, koszykówka, chemia, a także historia II wojny światowej.[/vc_column_text][/vc_column][/vc_row]</p>
</div>

<p>[vc_row][vc_column width=&#8221;1/2&#8243;][/vc_column][vc_column width=&#8221;1/2&#8243;][vc_column_text]Urodzony 3 listopada 2000r. w Łowiczu, pochodzący z tenisowej rodziny, trener szkolenia podstawowego. Wielokrotny zwycięzca turniejów wojewódzkich i ogólnopolskich. Aktualnie student 3 roku Wyższej Szkoły Zarządzania i Administracji w Opolu. Współpracę z DeSkami rozpoczął w październiku 2019 roku, obecnie jest koordynatorem sekcji wyczynowej Akademii &#8211; Urwiski Pro. Jego zainteresowaniami są: tenis, koszykówka, chemia, a także historia II wojny światowej.[/vc_column_text][/vc_column][/vc_row]</p>
