{"id":18235,"date":"2020-05-31T08:00:59","date_gmt":"2020-05-31T08:00:59","guid":{"rendered":"https:\/\/deski.org\/windkite\/domki-na-wynajem\/"},"modified":"2025-01-13T06:45:20","modified_gmt":"2025-01-13T06:45:20","slug":"domki-na-wynajem","status":"publish","type":"page","link":"https:\/\/deski.org\/en\/windkite\/domki-na-wynajem\/","title":{"rendered":"Surf rooms for rent"},"content":{"rendered":"<div class=\"wpb-content-wrapper\"><p>[vc_row][vc_column width=&#8221;1\/6&#8243;][\/vc_column][vc_column width=&#8221;2\/3&#8243;][vc_single_image image=&#8221;12139&#8243; img_size=&#8221;full&#8221;][\/vc_column][vc_column width=&#8221;1\/6&#8243;][\/vc_column][\/vc_row][vc_row][vc_column width=&#8221;1\/1&#8243;]<h3 class=\"headline font-inherit fontsize-l fontweight-900 lh-inherit align-center transform-inherit \" style=\"margin: 0 0 20px 0; color: #259b9a;\">Pokoje surferskie na wynajem w Cha\u0142upach, Baza DeSki.<\/h3>[vc_row_inner][vc_column_inner][vc_column_text]<\/p>\n<p style=\"color: black;\">Domek 4 osobowy \u2013<strong> 300 z\u0142<\/strong>\u00a0<strong>\/ doba<\/strong><br \/>\n\u015aniadanie (mo\u017cliwo\u015b\u0107 zorganizowania tylko dla zorganizowanych grup od min. 10 os\u00f3b) \u2013 <strong>30 z\u0142 \/ osoba<\/strong><\/p>\n<p>Obowi\u0105zuje p\u0142atno\u015b\u0107 z g\u00f3ry.<\/p>\n<p>Na terenie bazy znajduje si\u0119 ma\u0142a przestrze\u0144, w kt\u00f3rej mo\u017cna przyrz\u0105dzi\u0107 sobie ciep\u0142y nap\u00f3j lub nie wymagaj\u0105cy gotowania posi\u0142ek.<\/p>\n<p>W odpowiedzi na Wasze potrzeby, w tym roku stworzyli\u015bmy w Bazie idealn\u0105 przestrze\u0144 do pracy. Mamy dwa biurka, jedno niskie do siedzenia na pufach, drugie ze standardowymi krzes\u0142ami. Ka\u017cde biurko ma 6 stanowisk. Dla tych, kt\u00f3rzy lubi\u0105 pracowa\u0107 na \u015bwie\u017cym powietrzu \u2013 taras z le\u017cakami. Oczywi\u015bcie mamy r\u00f3wnie\u017c szybki Internet! Nasz\u00a0<strong><em>HOME OFFICE\u00a0<\/em><\/strong>dost\u0119pny jest od 3 do 23 czerwca oraz od 24 sierpnia do 15 wrze\u015bnia!<\/p>\n<p><strong>WYPOSA\u017bENIE POKOI:<\/strong><\/p>\n<i class=\"fa fa-check minti-icon\" style=\"color:#259b9a !important; font-size: 16px; margin: 0px 0px 0px 20px\"><\/i> domki 1-9: dwa dwupi\u0119trowe \u0142\u00f3\u017cka, dwie du\u017ce szafy, 4 szafki, materace, prze\u015bcierad\u0142a;<br \/>\n<i class=\"fa fa-check minti-icon\" style=\"color:#259b9a !important; font-size: 16px; margin: 0px 0px 0px 20px\"><\/i> domki 10-12: dwa dwupi\u0119trowe \u0142\u00f3\u017cka, szafa, miejsce pod \u0142\u00f3\u017ckiem na schowanie np. walizki, materace, prze\u015bcierad\u0142a.[\/vc_column_text][\/vc_column_inner][\/vc_row_inner][vc_tta_accordion active_section=&#8221;44&#8243; collapsible_all=&#8221;true&#8221;][vc_tta_section title=&#8221;Informacje organizacyjne&#8221; tab_id=&#8221;informacje-organizacyjne&#8221;]<div class=\"spacer\" style=\"height: 20px;\"><\/div>[vc_column_text]<\/p>\n<p style=\"color: black;\">1. Doba rozpoczyna si\u0119 o godz. 12:00 i od tej godziny mo\u017cna si\u0119 zakwaterowa\u0107 w pokojach i do tej godziny trzeba te\u017c opu\u015bci\u0107 pokoje ostatniego dnia pobytu.<\/p>\n<p style=\"color: black;\">2. Jeste\u015bmy otwarci do godz. 19:00, wi\u0119c je\u017celi kto\u015b nie wyrobi si\u0119 z przyjazdem do tej godziny, prosimy o wcze\u015bniejsz\u0105 informacj\u0119 do naszego bosmanatu (693334060), \u017ceby\u015bmy mogli udzieli\u0107 dalszych instrukcji.<\/p>\n<p style=\"color: black;\">3. Je\u017celi kto\u015b przyje\u017cd\u017ca do naszej bazy samochodem, prosimy najp\u00f3\u017aniej tydzie\u0144 przed przyjazdem poda\u0107 numer rejestracyjny pojazdu. Nie mniej jednak nie jeste\u015bmy w stanie zagwarantowa\u0107 miejsca parkingowego z powodu bardzo ograniczonej ilo\u015bci miejsc parkingowych w bazie. Za parking i wpuszczanie samochod\u00f3w na kemping odpowiadaj\u0105 w\u0142adze kempingu.<\/p>\n<p style=\"color: black;\">a) Je\u017celi kto\u015b zostanie wpuszczony na kemping i znajdzie wolne miejsce parkingowe, ma obowi\u0105zek od razu uda\u0107 si\u0119 do recepcji kempingowej (w godz. jej pracy) i op\u0142aci\u0107 parking, powo\u0142uj\u0105c si\u0119 na nocleg w naszej bazie.<\/p>\n<p style=\"color: black;\">b) Je\u017celi kto\u015b nie zostanie wpuszczony na kemping, sugerujemy wypakowa\u0107 samoch\u00f3d, zatrzymuj\u0105c si\u0119 w zatoczce tu\u017c za wjazdem na kemping, a nast\u0119pnie zaparkowa\u0107 samoch\u00f3d w Cha\u0142upach lub we W\u0142adys\u0142awowie. W razie potrzeby mo\u017cemy zaoferowa\u0107 transfer na kemping w cenie. 30 z\u0142.<\/p>\n<p style=\"color: black;\">4. Pokoje surferskie s\u0105 wyposa\u017cone w \u0142\u00f3\u017cka pi\u0119trowe, materace i szafy. Prosimy o zabranie ze sob\u0105 prze\u015bcierade\u0142, \u015bpiwor\u00f3w, poduszek, koca (je\u017celi marzniecie w nocy), r\u0119cznik\u00f3w.<\/p>\n<p style=\"color: black;\">5. Na terenie bazy znajduje si\u0119 lod\u00f3wka, mikrofal\u00f3wka, toster, ekspres przelewowy, czajnik, z kt\u00f3rych jak najbardziej mo\u017cna skorzysta\u0107.<\/p>\n<p style=\"color: black;\">6. Na terenie kempingu znajduj\u0105 si\u0119 sanitariaty z wej\u015bciem otwieranym na kart\u0119. Ka\u017cdy pok\u00f3j dostaje 2 karty do \u0142azienki i wyje\u017cd\u017caj\u0105c musi je zwr\u00f3ci\u0107 do bosmanatu. Za zgubion\u0105 kart\u0119 nale\u017cy zap\u0142aci\u0107 30 z\u0142.<\/p>\n<p style=\"color: black;\">7. Nasza baza jest ca\u0142a wyposa\u017cona w monitoring.<\/p>\n<p style=\"color: black;\">8. Na terenie bazy segregujemy \u015bmieci, prosimy o zwr\u00f3cenie na to uwagi.<\/p>\n<p style=\"color: black;\">9. Baza jest wyposa\u017cona w wifi, kt\u00f3re dzia\u0142a w budynku g\u0142\u00f3wnym, w bosmanacie mo\u017cna uzyska\u0107 informacj\u0119 o loginie i ha\u015ble.<\/p>\n<p style=\"color: black;\">10. UWAGA!!! Nie posiadamy farelek w bazie!!!<\/p>\n<p>[\/vc_column_text][\/vc_tta_section][\/vc_tta_accordion]<div class=\"divider divider1\" style='margin:10px 0 20px 0 !important;'><\/div>[vc_column_text]<strong>Kemping Solar, Cha\u0142upy 4<\/strong><br \/>\n<strong>ul. Droga Helska 4, 84 -120 W\u0142adys\u0142awowo<\/strong><br \/>\nDojazd: czwarty camping po prawej stronie od W\u0142adys\u0142awowa w kierunku Helu.<\/p>\n<p><strong>KONTAKT:<\/strong><br \/>\nKierownik Szko\u0142y: +48 693 334 060[\/vc_column_text][vc_raw_html]JTVCdmlzdWFsX3BvcnRmb2xpbyUyMGlkJTNEJTIyMTkwMjQlMjIlNUQ=[\/vc_raw_html][\/vc_column][\/vc_row]<\/p>\n<\/div>","protected":false},"excerpt":{"rendered":"<p>[vc_row][vc_column width=&#8221;1\/6&#8243;][\/vc_column][vc_column width=&#8221;2\/3&#8243;][vc_single_image image=&#8221;12139&#8243; img_size=&#8221;full&#8221;][\/vc_column][vc_column width=&#8221;1\/6&#8243;][\/vc_column][\/vc_row][vc_row][vc_column width=&#8221;1\/1&#8243;][vc_row_inner][vc_column_inner][vc_column_text] Domek 4 osobowy \u2013 300 z\u0142\u00a0\/ doba \u015aniadanie (mo\u017cliwo\u015b\u0107 zorganizowania tylko dla zorganizowanych grup od min. 10 os\u00f3b) \u2013 30 z\u0142 \/ osoba Obowi\u0105zuje p\u0142atno\u015b\u0107 z g\u00f3ry. Na terenie bazy znajduje si\u0119 ma\u0142a przestrze\u0144, w kt\u00f3rej mo\u017cna przyrz\u0105dzi\u0107 sobie ciep\u0142y nap\u00f3j lub nie wymagaj\u0105cy gotowania posi\u0142ek. W odpowiedzi na Wasze potrzeby, w tym roku stworzyli\u015bmy w Bazie idealn\u0105 przestrze\u0144 do pracy. Mamy dwa biurka, jedno niskie do siedzenia na pufach, drugie ze standardowymi krzes\u0142ami. Ka\u017cde biurko ma 6 stanowisk. Dla tych, kt\u00f3rzy lubi\u0105 pracowa\u0107 na \u015bwie\u017cym powietrzu \u2013 taras z le\u017cakami. Oczywi\u015bcie mamy r\u00f3wnie\u017c szybki Internet! Nasz\u00a0HOME OFFICE\u00a0dost\u0119pny jest od 3 do 23 czerwca oraz od 24 sierpnia do 15 wrze\u015bnia! WYPOSA\u017bENIE POKOI: domki 1-9: dwa dwupi\u0119trowe \u0142\u00f3\u017cka, dwie du\u017ce szafy, 4 szafki, materace, prze\u015bcierad\u0142a; domki 10-12: dwa dwupi\u0119trowe \u0142\u00f3\u017cka, szafa, miejsce pod \u0142\u00f3\u017ckiem na schowanie np. walizki, materace, prze\u015bcierad\u0142a.[\/vc_column_text][\/vc_column_inner][\/vc_row_inner][vc_tta_accordion active_section=&#8221;44&#8243; collapsible_all=&#8221;true&#8221;][vc_tta_section title=&#8221;Informacje organizacyjne&#8221; tab_id=&#8221;informacje-organizacyjne&#8221;][vc_column_text] 1. Doba rozpoczyna si\u0119 o godz. 12:00 i od tej godziny mo\u017cna si\u0119 zakwaterowa\u0107 w pokojach i do tej godziny trzeba te\u017c opu\u015bci\u0107 pokoje ostatniego dnia pobytu. 2. Jeste\u015bmy otwarci do godz. 19:00, wi\u0119c je\u017celi kto\u015b nie wyrobi si\u0119 z przyjazdem do tej godziny, prosimy o wcze\u015bniejsz\u0105 informacj\u0119 [&hellip;]<\/p>\n","protected":false},"author":6,"featured_media":0,"parent":16741,"menu_order":0,"comment_status":"closed","ping_status":"closed","template":"","meta":{"_acf_changed":false,"_mo_disable_npp":"","_vp_format_video_url":"","_vp_image_focal_point":[],"footnotes":""},"class_list":["post-18235","page","type-page","status-publish","hentry"],"acf":[],"aioseo_notices":[],"_links":{"self":[{"href":"https:\/\/deski.org\/en\/wp-json\/wp\/v2\/pages\/18235","targetHints":{"allow":["GET"]}}],"collection":[{"href":"https:\/\/deski.org\/en\/wp-json\/wp\/v2\/pages"}],"about":[{"href":"https:\/\/deski.org\/en\/wp-json\/wp\/v2\/types\/page"}],"author":[{"embeddable":true,"href":"https:\/\/deski.org\/en\/wp-json\/wp\/v2\/users\/6"}],"replies":[{"embeddable":true,"href":"https:\/\/deski.org\/en\/wp-json\/wp\/v2\/comments?post=18235"}],"version-history":[{"count":9,"href":"https:\/\/deski.org\/en\/wp-json\/wp\/v2\/pages\/18235\/revisions"}],"predecessor-version":[{"id":22709,"href":"https:\/\/deski.org\/en\/wp-json\/wp\/v2\/pages\/18235\/revisions\/22709"}],"up":[{"embeddable":true,"href":"https:\/\/deski.org\/en\/wp-json\/wp\/v2\/pages\/16741"}],"wp:attachment":[{"href":"https:\/\/deski.org\/en\/wp-json\/wp\/v2\/media?parent=18235"}],"curies":[{"name":"wp","href":"https:\/\/api.w.org\/{rel}","templated":true}]}}

<div class="wpb-content-wrapper"><p>[vc_row][vc_column width=&#8221;1/6&#8243;][/vc_column][vc_column width=&#8221;2/3&#8243;][vc_single_image image=&#8221;12139&#8243; img_size=&#8221;full&#8221;][/vc_column][vc_column width=&#8221;1/6&#8243;][/vc_column][/vc_row][vc_row][vc_column width=&#8221;1/1&#8243;]<h3 class="headline font-inherit fontsize-l fontweight-900 lh-inherit align-center transform-inherit " style="margin: 0 0 20px 0; color: #259b9a;">Pokoje surferskie na wynajem w Chałupach, Baza DeSki.</h3>[vc_row_inner][vc_column_inner][vc_column_text]</p>
<p style="color: black;">Domek 4 osobowy –<strong> 300 zł</strong> <strong>/ doba</strong><br />
Śniadanie (możliwość zorganizowania tylko dla zorganizowanych grup od min. 10 osób) – <strong>30 zł / osoba</strong></p>
<p>Obowiązuje płatność z góry.</p>
<p>Na terenie bazy znajduje się mała przestrzeń, w której można przyrządzić sobie ciepły napój lub nie wymagający gotowania posiłek.</p>
<p>W odpowiedzi na Wasze potrzeby, w tym roku stworzyliśmy w Bazie idealną przestrzeń do pracy. Mamy dwa biurka, jedno niskie do siedzenia na pufach, drugie ze standardowymi krzesłami. Każde biurko ma 6 stanowisk. Dla tych, którzy lubią pracować na świeżym powietrzu – taras z leżakami. Oczywiście mamy również szybki Internet! Nasz <strong><em>HOME OFFICE </em></strong>dostępny jest od 3 do 23 czerwca oraz od 24 sierpnia do 15 września!</p>
<p><strong>WYPOSAŻENIE POKOI:</strong></p>
<i class="fa fa-check minti-icon" style="color:#259b9a !important; font-size: 16px; margin: 0px 0px 0px 20px"></i> domki 1-9: dwa dwupiętrowe łóżka, dwie duże szafy, 4 szafki, materace, prześcieradła;<br />
<i class="fa fa-check minti-icon" style="color:#259b9a !important; font-size: 16px; margin: 0px 0px 0px 20px"></i> domki 10-12: dwa dwupiętrowe łóżka, szafa, miejsce pod łóżkiem na schowanie np. walizki, materace, prześcieradła.[/vc_column_text][/vc_column_inner][/vc_row_inner][vc_tta_accordion active_section=&#8221;44&#8243; collapsible_all=&#8221;true&#8221;][vc_tta_section title=&#8221;Informacje organizacyjne&#8221; tab_id=&#8221;informacje-organizacyjne&#8221;]<div class="spacer" style="height: 20px;"></div>[vc_column_text]</p>
<p style="color: black;">1. Doba rozpoczyna się o godz. 12:00 i od tej godziny można się zakwaterować w pokojach i do tej godziny trzeba też opuścić pokoje ostatniego dnia pobytu.</p>
<p style="color: black;">2. Jesteśmy otwarci do godz. 19:00, więc jeżeli ktoś nie wyrobi się z przyjazdem do tej godziny, prosimy o wcześniejszą informację do naszego bosmanatu (693334060), żebyśmy mogli udzielić dalszych instrukcji.</p>
<p style="color: black;">3. Jeżeli ktoś przyjeżdża do naszej bazy samochodem, prosimy najpóźniej tydzień przed przyjazdem podać numer rejestracyjny pojazdu. Nie mniej jednak nie jesteśmy w stanie zagwarantować miejsca parkingowego z powodu bardzo ograniczonej ilości miejsc parkingowych w bazie. Za parking i wpuszczanie samochodów na kemping odpowiadają władze kempingu.</p>
<p style="color: black;">a) Jeżeli ktoś zostanie wpuszczony na kemping i znajdzie wolne miejsce parkingowe, ma obowiązek od razu udać się do recepcji kempingowej (w godz. jej pracy) i opłacić parking, powołując się na nocleg w naszej bazie.</p>
<p style="color: black;">b) Jeżeli ktoś nie zostanie wpuszczony na kemping, sugerujemy wypakować samochód, zatrzymując się w zatoczce tuż za wjazdem na kemping, a następnie zaparkować samochód w Chałupach lub we Władysławowie. W razie potrzeby możemy zaoferować transfer na kemping w cenie. 30 zł.</p>
<p style="color: black;">4. Pokoje surferskie są wyposażone w łóżka piętrowe, materace i szafy. Prosimy o zabranie ze sobą prześcieradeł, śpiworów, poduszek, koca (jeżeli marzniecie w nocy), ręczników.</p>
<p style="color: black;">5. Na terenie bazy znajduje się lodówka, mikrofalówka, toster, ekspres przelewowy, czajnik, z których jak najbardziej można skorzystać.</p>
<p style="color: black;">6. Na terenie kempingu znajdują się sanitariaty z wejściem otwieranym na kartę. Każdy pokój dostaje 2 karty do łazienki i wyjeżdżając musi je zwrócić do bosmanatu. Za zgubioną kartę należy zapłacić 30 zł.</p>
<p style="color: black;">7. Nasza baza jest cała wyposażona w monitoring.</p>
<p style="color: black;">8. Na terenie bazy segregujemy śmieci, prosimy o zwrócenie na to uwagi.</p>
<p style="color: black;">9. Baza jest wyposażona w wifi, które działa w budynku głównym, w bosmanacie można uzyskać informację o loginie i haśle.</p>
<p style="color: black;">10. UWAGA!!! Nie posiadamy farelek w bazie!!!</p>
<p>[/vc_column_text][/vc_tta_section][/vc_tta_accordion]<div class="divider divider1" style='margin:10px 0 20px 0 !important;'></div>[vc_column_text]<strong>Kemping Solar, Chałupy 4</strong><br />
<strong>ul. Droga Helska 4, 84 -120 Władysławowo</strong><br />
Dojazd: czwarty camping po prawej stronie od Władysławowa w kierunku Helu.</p>
<p><strong>KONTAKT:</strong><br />
Kierownik Szkoły: +48 693 334 060[/vc_column_text][vc_raw_html]JTVCdmlzdWFsX3BvcnRmb2xpbyUyMGlkJTNEJTIyMTkwMjQlMjIlNUQ=[/vc_raw_html][/vc_column][/vc_row]</p>
</div>

<p>[vc_row][vc_column width=&#8221;1/6&#8243;][/vc_column][vc_column width=&#8221;2/3&#8243;][vc_single_image image=&#8221;12139&#8243; img_size=&#8221;full&#8221;][/vc_column][vc_column width=&#8221;1/6&#8243;][/vc_column][/vc_row][vc_row][vc_column width=&#8221;1/1&#8243;][vc_row_inner][vc_column_inner][vc_column_text] Domek 4 osobowy – 300 zł / doba Śniadanie (możliwość zorganizowania tylko dla zorganizowanych grup od min. 10 osób) – 30 zł / osoba Obowiązuje płatność z góry. Na terenie bazy znajduje się mała przestrzeń, w której można przyrządzić sobie ciepły napój lub nie wymagający gotowania posiłek. W odpowiedzi na Wasze potrzeby, w tym roku stworzyliśmy w Bazie idealną przestrzeń do pracy. Mamy dwa biurka, jedno niskie do siedzenia na pufach, drugie ze standardowymi krzesłami. Każde biurko ma 6 stanowisk. Dla tych, którzy lubią pracować na świeżym powietrzu – taras z leżakami. Oczywiście mamy również szybki Internet! Nasz HOME OFFICE dostępny jest od 3 do 23 czerwca oraz od 24 sierpnia do 15 września! WYPOSAŻENIE POKOI: domki 1-9: dwa dwupiętrowe łóżka, dwie duże szafy, 4 szafki, materace, prześcieradła; domki 10-12: dwa dwupiętrowe łóżka, szafa, miejsce pod łóżkiem na schowanie np. walizki, materace, prześcieradła.[/vc_column_text][/vc_column_inner][/vc_row_inner][vc_tta_accordion active_section=&#8221;44&#8243; collapsible_all=&#8221;true&#8221;][vc_tta_section title=&#8221;Informacje organizacyjne&#8221; tab_id=&#8221;informacje-organizacyjne&#8221;][vc_column_text] 1. Doba rozpoczyna się o godz. 12:00 i od tej godziny można się zakwaterować w pokojach i do tej godziny trzeba też opuścić pokoje ostatniego dnia pobytu. 2. Jesteśmy otwarci do godz. 19:00, więc jeżeli ktoś nie wyrobi się z przyjazdem do tej godziny, prosimy o wcześniejszą informację [&hellip;]</p>
