{"id":5591,"date":"2018-12-13T20:33:31","date_gmt":"2018-12-13T20:33:31","guid":{"rendered":"https:\/\/deski.org\/?page_id=5591"},"modified":"2018-12-16T12:29:06","modified_gmt":"2018-12-16T12:29:06","slug":"laura-zielezinska","status":"publish","type":"page","link":"https:\/\/deski.org\/en\/laura-zielezinska\/","title":{"rendered":"Laura Zielezi\u0144ska"},"content":{"rendered":"<div class=\"wpb-content-wrapper\"><p>[vc_row][vc_column width=&#8221;1\/2&#8243;]<div class=\"single_image wpb_content_element align-left    \" data-animation=\"none\" data-delay=\"0\"><img loading=\"lazy\" decoding=\"async\" width=\"720\" height=\"960\" src=\"https:\/\/deski.org\/wp-content\/uploads\/2018\/12\/laura.jpg\" class=\"attachment-full\" alt=\"\" title=\"laura\" srcset=\"https:\/\/deski.org\/wp-content\/uploads\/2018\/12\/laura.jpg 720w, https:\/\/deski.org\/wp-content\/uploads\/2018\/12\/laura-225x300.jpg 225w, https:\/\/deski.org\/wp-content\/uploads\/2018\/12\/laura-18x24.jpg 18w, https:\/\/deski.org\/wp-content\/uploads\/2018\/12\/laura-27x36.jpg 27w, https:\/\/deski.org\/wp-content\/uploads\/2018\/12\/laura-36x48.jpg 36w\" sizes=\"auto, (max-width: 720px) 100vw, 720px\" \/><\/div>[\/vc_column][vc_column width=&#8221;1\/2&#8243;][vc_column_text]Cze\u015b\u0107, jestem Laura i mam 18 lat. Pasj\u0105 do kitesurfingu zarazi\u0142 mnie m\u00f3j tata, z kt\u00f3rym ju\u017c od kilkunastu lat sp\u0119dzam wakacje na p\u00f3\u0142wyspie. Tam te\u017c rozpocz\u0119\u0142am swoj\u0105 przygod\u0119 w bazie DeSki. Na pocz\u0105tku zajmowa\u0142am si\u0119 urwiskami, p\u00f3\u017aniej zacz\u0119\u0142am uczy\u0107 kitesurfingu. Ciesz\u0119 si\u0119, \u017ce mam okazj\u0119 dzieli\u0107 si\u0119 swoj\u0105 pasj\u0105 i zajawk\u0105 do tego sportu. Swoich si\u0142 pr\u00f3buje r\u00f3wnie\u017c w surfingu i wakeboardingu. W sezonie zimowym tak\u017ce \u015bmigam na desce, tyle \u017ce snowboardowej. Na co dzie\u0144 ucz\u0119 si\u0119 w liceum i przygotowuje do matury, planuj\u0119 studiowa\u0107 prawo na UW. Czas wolny od nauki staram si\u0119 wype\u0142nia\u0107 sportem m.in. biegam i gram w tenisa. W klubie DeSki poza sezonem letnim, spe\u0142niam si\u0119 r\u00f3wnie\u017c poprzez prowadzenie sobotnich trening\u00f3w. Kocham podr\u00f3\u017cowa\u0107, moim najwi\u0119kszym marzeniem jest wypr\u00f3bowanie najpi\u0119kniejszych spot\u00f3w na \u015bwiecie.[\/vc_column_text][\/vc_column][\/vc_row]<\/p>\n<\/div>","protected":false},"excerpt":{"rendered":"<p>[vc_row][vc_column width=&#8221;1\/2&#8243;][\/vc_column][vc_column width=&#8221;1\/2&#8243;][vc_column_text]Cze\u015b\u0107, jestem Laura i mam 18 lat. Pasj\u0105 do kitesurfingu zarazi\u0142 mnie m\u00f3j tata, z kt\u00f3rym ju\u017c od kilkunastu lat sp\u0119dzam wakacje na p\u00f3\u0142wyspie. Tam te\u017c rozpocz\u0119\u0142am swoj\u0105 przygod\u0119 w bazie DeSki. Na pocz\u0105tku zajmowa\u0142am si\u0119 urwiskami, p\u00f3\u017aniej zacz\u0119\u0142am uczy\u0107 kitesurfingu. Ciesz\u0119 si\u0119, \u017ce mam okazj\u0119 dzieli\u0107 si\u0119 swoj\u0105 pasj\u0105 i zajawk\u0105 do tego sportu. Swoich si\u0142 pr\u00f3buje r\u00f3wnie\u017c w surfingu i wakeboardingu. W sezonie zimowym tak\u017ce \u015bmigam na desce, tyle \u017ce snowboardowej. Na co dzie\u0144 ucz\u0119 si\u0119 w liceum i przygotowuje do matury, planuj\u0119 studiowa\u0107 prawo na UW. Czas wolny od nauki staram si\u0119 wype\u0142nia\u0107 sportem m.in. biegam i gram w tenisa. W klubie DeSki poza sezonem letnim, spe\u0142niam si\u0119 r\u00f3wnie\u017c poprzez prowadzenie sobotnich trening\u00f3w. Kocham podr\u00f3\u017cowa\u0107, moim najwi\u0119kszym marzeniem jest wypr\u00f3bowanie najpi\u0119kniejszych spot\u00f3w na \u015bwiecie.[\/vc_column_text][\/vc_column][\/vc_row]<\/p>\n","protected":false},"author":6,"featured_media":0,"parent":0,"menu_order":0,"comment_status":"closed","ping_status":"closed","template":"","meta":{"_acf_changed":false,"_mo_disable_npp":"","_vp_format_video_url":"","_vp_image_focal_point":[],"footnotes":""},"class_list":["post-5591","page","type-page","status-publish","hentry"],"acf":[],"aioseo_notices":[],"_links":{"self":[{"href":"https:\/\/deski.org\/en\/wp-json\/wp\/v2\/pages\/5591","targetHints":{"allow":["GET"]}}],"collection":[{"href":"https:\/\/deski.org\/en\/wp-json\/wp\/v2\/pages"}],"about":[{"href":"https:\/\/deski.org\/en\/wp-json\/wp\/v2\/types\/page"}],"author":[{"embeddable":true,"href":"https:\/\/deski.org\/en\/wp-json\/wp\/v2\/users\/6"}],"replies":[{"embeddable":true,"href":"https:\/\/deski.org\/en\/wp-json\/wp\/v2\/comments?post=5591"}],"version-history":[{"count":3,"href":"https:\/\/deski.org\/en\/wp-json\/wp\/v2\/pages\/5591\/revisions"}],"predecessor-version":[{"id":5622,"href":"https:\/\/deski.org\/en\/wp-json\/wp\/v2\/pages\/5591\/revisions\/5622"}],"wp:attachment":[{"href":"https:\/\/deski.org\/en\/wp-json\/wp\/v2\/media?parent=5591"}],"curies":[{"name":"wp","href":"https:\/\/api.w.org\/{rel}","templated":true}]}}

Laura Zielezińska

<div class="wpb-content-wrapper"><p>[vc_row][vc_column width=&#8221;1/2&#8243;]<div class="single_image wpb_content_element align-left    " data-animation="none" data-delay="0"><img loading="lazy" decoding="async" width="720" height="960" src="https://deski.org/wp-content/uploads/2018/12/laura.jpg" class="attachment-full" alt="" title="laura" srcset="https://deski.org/wp-content/uploads/2018/12/laura.jpg 720w, https://deski.org/wp-content/uploads/2018/12/laura-225x300.jpg 225w, https://deski.org/wp-content/uploads/2018/12/laura-18x24.jpg 18w, https://deski.org/wp-content/uploads/2018/12/laura-27x36.jpg 27w, https://deski.org/wp-content/uploads/2018/12/laura-36x48.jpg 36w" sizes="auto, (max-width: 720px) 100vw, 720px" /></div>[/vc_column][vc_column width=&#8221;1/2&#8243;][vc_column_text]Cześć, jestem Laura i mam 18 lat. Pasją do kitesurfingu zaraził mnie mój tata, z którym już od kilkunastu lat spędzam wakacje na półwyspie. Tam też rozpoczęłam swoją przygodę w bazie DeSki. Na początku zajmowałam się urwiskami, później zaczęłam uczyć kitesurfingu. Cieszę się, że mam okazję dzielić się swoją pasją i zajawką do tego sportu. Swoich sił próbuje również w surfingu i wakeboardingu. W sezonie zimowym także śmigam na desce, tyle że snowboardowej. Na co dzień uczę się w liceum i przygotowuje do matury, planuję studiować prawo na UW. Czas wolny od nauki staram się wypełniać sportem m.in. biegam i gram w tenisa. W klubie DeSki poza sezonem letnim, spełniam się również poprzez prowadzenie sobotnich treningów. Kocham podróżować, moim największym marzeniem jest wypróbowanie najpiękniejszych spotów na świecie.[/vc_column_text][/vc_column][/vc_row]</p>
</div>

<p>[vc_row][vc_column width=&#8221;1/2&#8243;][/vc_column][vc_column width=&#8221;1/2&#8243;][vc_column_text]Cześć, jestem Laura i mam 18 lat. Pasją do kitesurfingu zaraził mnie mój tata, z którym już od kilkunastu lat spędzam wakacje na półwyspie. Tam też rozpoczęłam swoją przygodę w bazie DeSki. Na początku zajmowałam się urwiskami, później zaczęłam uczyć kitesurfingu. Cieszę się, że mam okazję dzielić się swoją pasją i zajawką do tego sportu. Swoich sił próbuje również w surfingu i wakeboardingu. W sezonie zimowym także śmigam na desce, tyle że snowboardowej. Na co dzień uczę się w liceum i przygotowuje do matury, planuję studiować prawo na UW. Czas wolny od nauki staram się wypełniać sportem m.in. biegam i gram w tenisa. W klubie DeSki poza sezonem letnim, spełniam się również poprzez prowadzenie sobotnich treningów. Kocham podróżować, moim największym marzeniem jest wypróbowanie najpiękniejszych spotów na świecie.[/vc_column_text][/vc_column][/vc_row]</p>
