{"id":17288,"date":"2022-08-12T09:37:18","date_gmt":"2022-08-12T09:37:18","guid":{"rendered":"https:\/\/deski.org\/portfolio\/oboz-dla-zawodnikow-tenisa\/"},"modified":"2022-08-12T09:37:18","modified_gmt":"2022-08-12T09:37:18","slug":"oboz-dla-zawodnikow-tenisa","status":"publish","type":"portfolio","link":"https:\/\/deski.org\/en\/portfolio\/oboz-dla-zawodnikow-tenisa\/","title":{"rendered":"Ob\u00f3z dla zawodnik\u00f3w tenisa"},"content":{"rendered":"<div class=\"wpb-content-wrapper\"><p>[vc_row][vc_column width=&#8221;1\/2&#8243;][vc_column_text]Zapraszamy wszystkich zawodnik\u00f3w tenisa z rocznika 2010 \u2013 2012 na ob\u00f3z tenisowo \u2013 windsurfingowo \u2013 motoryczny z trenerem Sebastianem Tomaszewskim.<\/p>\n<ul>\n<li><strong>28.08 \u2013 03.09.2022<\/strong><\/li>\n<li>Szko\u0142a windsurfingu Baza Wts Deski na kempingu Solar (Cha\u0142upy IV) na P\u00f3\u0142wyspie Helskim<\/li>\n<\/ul>\n<p>Wi\u0119cej informacji i zapisy: <a href=\"https:\/\/deski.org\/windkite\/oboz-tenisowo-windsurfingowy\/\" target=\"_blank\" rel=\"noopener\">https:\/\/deski.org\/windkite\/oboz-tenisowo-windsurfingowy\/<\/a>[\/vc_column_text][\/vc_column][vc_column width=&#8221;1\/2&#8243;]<div class=\"single_image wpb_content_element align-left    \" data-animation=\"none\" data-delay=\"0\"><img loading=\"lazy\" decoding=\"async\" width=\"960\" height=\"616\" src=\"https:\/\/deski.org\/wp-content\/uploads\/2022\/08\/solar2.jpg\" class=\"attachment-full\" alt=\"tenis na solarze\" title=\"solar2\" srcset=\"https:\/\/deski.org\/wp-content\/uploads\/2022\/08\/solar2.jpg 960w, https:\/\/deski.org\/wp-content\/uploads\/2022\/08\/solar2-300x193.jpg 300w, https:\/\/deski.org\/wp-content\/uploads\/2022\/08\/solar2-24x15.jpg 24w, https:\/\/deski.org\/wp-content\/uploads\/2022\/08\/solar2-36x23.jpg 36w, https:\/\/deski.org\/wp-content\/uploads\/2022\/08\/solar2-48x31.jpg 48w\" sizes=\"auto, (max-width: 960px) 100vw, 960px\" \/><\/div>[\/vc_column][\/vc_row]<\/p>\n<\/div>","protected":false},"excerpt":{"rendered":"<p>[vc_row][vc_column width=&#8221;1\/2&#8243;][vc_column_text]Zapraszamy wszystkich zawodnik\u00f3w tenisa z rocznika 2010 \u2013 2012 na ob\u00f3z tenisowo \u2013 windsurfingowo \u2013 motoryczny z trenerem Sebastianem Tomaszewskim. 28.08 \u2013 03.09.2022 Szko\u0142a windsurfingu Baza Wts Deski na kempingu Solar (Cha\u0142upy IV) na P\u00f3\u0142wyspie Helskim Wi\u0119cej informacji i zapisy: https:\/\/deski.org\/windkite\/oboz-tenisowo-windsurfingowy\/[\/vc_column_text][\/vc_column][vc_column width=&#8221;1\/2&#8243;][\/vc_column][\/vc_row]<\/p>\n","protected":false},"author":6,"featured_media":14903,"menu_order":0,"comment_status":"closed","ping_status":"closed","template":"","format":"standard","meta":{"_acf_changed":false,"_mo_disable_npp":"","_vp_format_video_url":"","_vp_image_focal_point":[],"footnotes":""},"portfolio_category":[],"portfolio_tag":[],"class_list":["post-17288","portfolio","type-portfolio","status-publish","format-standard","has-post-thumbnail","hentry","portfolio_filter-tenisowe-en"],"acf":[],"aioseo_notices":[],"_links":{"self":[{"href":"https:\/\/deski.org\/en\/wp-json\/wp\/v2\/portfolio\/17288","targetHints":{"allow":["GET"]}}],"collection":[{"href":"https:\/\/deski.org\/en\/wp-json\/wp\/v2\/portfolio"}],"about":[{"href":"https:\/\/deski.org\/en\/wp-json\/wp\/v2\/types\/portfolio"}],"author":[{"embeddable":true,"href":"https:\/\/deski.org\/en\/wp-json\/wp\/v2\/users\/6"}],"replies":[{"embeddable":true,"href":"https:\/\/deski.org\/en\/wp-json\/wp\/v2\/comments?post=17288"}],"version-history":[{"count":0,"href":"https:\/\/deski.org\/en\/wp-json\/wp\/v2\/portfolio\/17288\/revisions"}],"wp:featuredmedia":[{"embeddable":true,"href":"https:\/\/deski.org\/en\/wp-json\/wp\/v2\/media\/14903"}],"wp:attachment":[{"href":"https:\/\/deski.org\/en\/wp-json\/wp\/v2\/media?parent=17288"}],"wp:term":[{"taxonomy":"portfolio_category","embeddable":true,"href":"https:\/\/deski.org\/en\/wp-json\/wp\/v2\/portfolio_category?post=17288"},{"taxonomy":"portfolio_tag","embeddable":true,"href":"https:\/\/deski.org\/en\/wp-json\/wp\/v2\/portfolio_tag?post=17288"}],"curies":[{"name":"wp","href":"https:\/\/api.w.org\/{rel}","templated":true}]}}

Obóz dla zawodników tenisa

<div class="wpb-content-wrapper"><p>[vc_row][vc_column width=&#8221;1/2&#8243;][vc_column_text]Zapraszamy wszystkich zawodników tenisa z rocznika 2010 – 2012 na obóz tenisowo – windsurfingowo – motoryczny z trenerem Sebastianem Tomaszewskim.</p>
<ul>
<li><strong>28.08 – 03.09.2022</strong></li>
<li>Szkoła windsurfingu Baza Wts Deski na kempingu Solar (Chałupy IV) na Półwyspie Helskim</li>
</ul>
<p>Więcej informacji i zapisy: <a href="https://deski.org/windkite/oboz-tenisowo-windsurfingowy/" target="_blank" rel="noopener">https://deski.org/windkite/oboz-tenisowo-windsurfingowy/</a>[/vc_column_text][/vc_column][vc_column width=&#8221;1/2&#8243;]<div class="single_image wpb_content_element align-left    " data-animation="none" data-delay="0"><img loading="lazy" decoding="async" width="960" height="616" src="https://deski.org/wp-content/uploads/2022/08/solar2.jpg" class="attachment-full" alt="tenis na solarze" title="solar2" srcset="https://deski.org/wp-content/uploads/2022/08/solar2.jpg 960w, https://deski.org/wp-content/uploads/2022/08/solar2-300x193.jpg 300w, https://deski.org/wp-content/uploads/2022/08/solar2-24x15.jpg 24w, https://deski.org/wp-content/uploads/2022/08/solar2-36x23.jpg 36w, https://deski.org/wp-content/uploads/2022/08/solar2-48x31.jpg 48w" sizes="auto, (max-width: 960px) 100vw, 960px" /></div>[/vc_column][/vc_row]</p>
</div>

<p>[vc_row][vc_column width=&#8221;1/2&#8243;][vc_column_text]Zapraszamy wszystkich zawodników tenisa z rocznika 2010 – 2012 na obóz tenisowo – windsurfingowo – motoryczny z trenerem Sebastianem Tomaszewskim. 28.08 – 03.09.2022 Szkoła windsurfingu Baza Wts Deski na kempingu Solar (Chałupy IV) na Półwyspie Helskim Więcej informacji i zapisy: https://deski.org/windkite/oboz-tenisowo-windsurfingowy/[/vc_column_text][/vc_column][vc_column width=&#8221;1/2&#8243;][/vc_column][/vc_row]</p>
