{"id":17302,"date":"2022-03-02T12:36:05","date_gmt":"2022-03-02T12:36:05","guid":{"rendered":"https:\/\/deski.org\/portfolio\/zawiadomienie-2\/"},"modified":"2022-03-02T12:36:05","modified_gmt":"2022-03-02T12:36:05","slug":"zawiadomienie-2","status":"publish","type":"portfolio","link":"https:\/\/deski.org\/en\/portfolio\/zawiadomienie-2\/","title":{"rendered":"ZAWIADOMIENIE"},"content":{"rendered":"<div class=\"wpb-content-wrapper\"><p>[vc_row][vc_column width=&#8221;1\/2&#8243;][vc_column_text]Z ogromny smutkiem informujemy, \u017ce 1 marca 2022 r., po nier\u00f3wnej walce z nag\u0142\u0105 chorob\u0105, odszed\u0142 od nas Mirek Ginter, trener koordynator Tenisa 10 w naszym klubie.<\/p>\n<p>Zawodnik, trener i dzia\u0142acz tenisa, dyscypliny, kt\u00f3ra by\u0142a jego ogromn\u0105 mi\u0142o\u015bci\u0105.<\/p>\n<p>Mirku, b\u0119dzie nam Ci\u0119 ogromnie brakowa\u0107\u2026[\/vc_column_text][\/vc_column][vc_column width=&#8221;1\/2&#8243;]<div class=\"single_image wpb_content_element align-left    \" data-animation=\"none\" data-delay=\"0\"><img loading=\"lazy\" decoding=\"async\" width=\"1011\" height=\"1474\" src=\"https:\/\/deski.org\/wp-content\/uploads\/2022\/03\/Mirek-Ginter-Barlinek1.jpg\" class=\"attachment-full\" alt=\"Mirek Ginter\" title=\"Mirek Ginter Barlinek1\" srcset=\"https:\/\/deski.org\/wp-content\/uploads\/2022\/03\/Mirek-Ginter-Barlinek1.jpg 1011w, https:\/\/deski.org\/wp-content\/uploads\/2022\/03\/Mirek-Ginter-Barlinek1-206x300.jpg 206w, https:\/\/deski.org\/wp-content\/uploads\/2022\/03\/Mirek-Ginter-Barlinek1-702x1024.jpg 702w, https:\/\/deski.org\/wp-content\/uploads\/2022\/03\/Mirek-Ginter-Barlinek1-16x24.jpg 16w, https:\/\/deski.org\/wp-content\/uploads\/2022\/03\/Mirek-Ginter-Barlinek1-25x36.jpg 25w, https:\/\/deski.org\/wp-content\/uploads\/2022\/03\/Mirek-Ginter-Barlinek1-33x48.jpg 33w\" sizes=\"auto, (max-width: 1011px) 100vw, 1011px\" \/><\/div>[\/vc_column][\/vc_row]<\/p>\n<\/div>","protected":false},"excerpt":{"rendered":"<p>[vc_row][vc_column width=&#8221;1\/2&#8243;][vc_column_text]Z ogromny smutkiem informujemy, \u017ce 1 marca 2022 r., po nier\u00f3wnej walce z nag\u0142\u0105 chorob\u0105, odszed\u0142 od nas Mirek Ginter, trener koordynator Tenisa 10 w naszym klubie. Zawodnik, trener i dzia\u0142acz tenisa, dyscypliny, kt\u00f3ra by\u0142a jego ogromn\u0105 mi\u0142o\u015bci\u0105. Mirku, b\u0119dzie nam Ci\u0119 ogromnie brakowa\u0107\u2026[\/vc_column_text][\/vc_column][vc_column width=&#8221;1\/2&#8243;][\/vc_column][\/vc_row]<\/p>\n","protected":false},"author":6,"featured_media":13974,"menu_order":0,"comment_status":"closed","ping_status":"closed","template":"","format":"standard","meta":{"_acf_changed":false,"_mo_disable_npp":"","_vp_format_video_url":"","_vp_image_focal_point":[],"footnotes":""},"portfolio_category":[],"portfolio_tag":[],"class_list":["post-17302","portfolio","type-portfolio","status-publish","format-standard","has-post-thumbnail","hentry","portfolio_filter-klubowe-en","portfolio_filter-tenisowe-en"],"acf":[],"aioseo_notices":[],"_links":{"self":[{"href":"https:\/\/deski.org\/en\/wp-json\/wp\/v2\/portfolio\/17302","targetHints":{"allow":["GET"]}}],"collection":[{"href":"https:\/\/deski.org\/en\/wp-json\/wp\/v2\/portfolio"}],"about":[{"href":"https:\/\/deski.org\/en\/wp-json\/wp\/v2\/types\/portfolio"}],"author":[{"embeddable":true,"href":"https:\/\/deski.org\/en\/wp-json\/wp\/v2\/users\/6"}],"replies":[{"embeddable":true,"href":"https:\/\/deski.org\/en\/wp-json\/wp\/v2\/comments?post=17302"}],"version-history":[{"count":0,"href":"https:\/\/deski.org\/en\/wp-json\/wp\/v2\/portfolio\/17302\/revisions"}],"wp:featuredmedia":[{"embeddable":true,"href":"https:\/\/deski.org\/en\/wp-json\/wp\/v2\/media\/13974"}],"wp:attachment":[{"href":"https:\/\/deski.org\/en\/wp-json\/wp\/v2\/media?parent=17302"}],"wp:term":[{"taxonomy":"portfolio_category","embeddable":true,"href":"https:\/\/deski.org\/en\/wp-json\/wp\/v2\/portfolio_category?post=17302"},{"taxonomy":"portfolio_tag","embeddable":true,"href":"https:\/\/deski.org\/en\/wp-json\/wp\/v2\/portfolio_tag?post=17302"}],"curies":[{"name":"wp","href":"https:\/\/api.w.org\/{rel}","templated":true}]}}

<div class="wpb-content-wrapper"><p>[vc_row][vc_column width=&#8221;1/2&#8243;][vc_column_text]Z ogromny smutkiem informujemy, że 1 marca 2022 r., po nierównej walce z nagłą chorobą, odszedł od nas Mirek Ginter, trener koordynator Tenisa 10 w naszym klubie.</p>
<p>Zawodnik, trener i działacz tenisa, dyscypliny, która była jego ogromną miłością.</p>
<p>Mirku, będzie nam Cię ogromnie brakować…[/vc_column_text][/vc_column][vc_column width=&#8221;1/2&#8243;]<div class="single_image wpb_content_element align-left    " data-animation="none" data-delay="0"><img loading="lazy" decoding="async" width="1011" height="1474" src="https://deski.org/wp-content/uploads/2022/03/Mirek-Ginter-Barlinek1.jpg" class="attachment-full" alt="Mirek Ginter" title="Mirek Ginter Barlinek1" srcset="https://deski.org/wp-content/uploads/2022/03/Mirek-Ginter-Barlinek1.jpg 1011w, https://deski.org/wp-content/uploads/2022/03/Mirek-Ginter-Barlinek1-206x300.jpg 206w, https://deski.org/wp-content/uploads/2022/03/Mirek-Ginter-Barlinek1-702x1024.jpg 702w, https://deski.org/wp-content/uploads/2022/03/Mirek-Ginter-Barlinek1-16x24.jpg 16w, https://deski.org/wp-content/uploads/2022/03/Mirek-Ginter-Barlinek1-25x36.jpg 25w, https://deski.org/wp-content/uploads/2022/03/Mirek-Ginter-Barlinek1-33x48.jpg 33w" sizes="auto, (max-width: 1011px) 100vw, 1011px" /></div>[/vc_column][/vc_row]</p>
</div>

<p>[vc_row][vc_column width=&#8221;1/2&#8243;][vc_column_text]Z ogromny smutkiem informujemy, że 1 marca 2022 r., po nierównej walce z nagłą chorobą, odszedł od nas Mirek Ginter, trener koordynator Tenisa 10 w naszym klubie. Zawodnik, trener i działacz tenisa, dyscypliny, która była jego ogromną miłością. Mirku, będzie nam Cię ogromnie brakować…[/vc_column_text][/vc_column][vc_column width=&#8221;1/2&#8243;][/vc_column][/vc_row]</p>
