{"id":17319,"date":"2021-10-19T08:58:23","date_gmt":"2021-10-19T08:58:23","guid":{"rendered":"https:\/\/deski.org\/portfolio\/spotkanie-organizacyjne\/"},"modified":"2021-10-19T08:58:23","modified_gmt":"2021-10-19T08:58:23","slug":"spotkanie-organizacyjne","status":"publish","type":"portfolio","link":"https:\/\/deski.org\/en\/portfolio\/spotkanie-organizacyjne\/","title":{"rendered":"Spotkanie organizacyjne"},"content":{"rendered":"<p>Drodzy Rodzice,<\/p>\n<p>Witamy Pa\u0144stwa w kolejnym sezonie narciarskim w naszym klubie! \ud83d\ude42<\/p>\n<p>Zapraszamy serdecznie na <b>spotkanie dla rodzic\u00f3w Urwisk\u00f3w<\/b>, kt\u00f3re odb\u0119dzie si\u0119 w najbli\u017csz\u0105 <b>sobot\u0119 23.10 o godz. 10:30<\/b>. Z g\u00f3ry bardzo przepraszamy rodzic\u00f3w, kt\u00f3rzy w tym czasie trenuj\u0105 na treningu sobotnim, ch\u0119tnie prze\u015bl\u0119 do tych os\u00f3b maila z podsumowaniem spotkania lub osobi\u015bcie wszystko opowiem po treningu. \ud83d\ude42<\/p>\n<p>Na spotkaniu przedstawimy:<\/p>\n<ul>\n<li>plan dzia\u0142ania na ten sezon,<\/li>\n<li>przebieg oraz nowo\u015bci wprowadzone na treningach og\u00f3lnorozwojowych odbywaj\u0105cych si\u0119 w sobot\u0119,<\/li>\n<li>now\u0105 kadr\u0119,<\/li>\n<li>now\u0105 grup\u0119, kt\u00f3ra zacz\u0119\u0142a dzia\u0142a\u0107 od tego sezonu Urwiski Pro!<\/li>\n<\/ul>\n<p>Do zobaczenia!<\/p>\n","protected":false},"excerpt":{"rendered":"<p>Drodzy Rodzice, Witamy Pa\u0144stwa w kolejnym sezonie narciarskim w naszym klubie! \ud83d\ude42 Zapraszamy serdecznie na spotkanie dla rodzic\u00f3w Urwisk\u00f3w, kt\u00f3re odb\u0119dzie si\u0119 w najbli\u017csz\u0105 sobot\u0119 23.10 o godz. 10:30. Z g\u00f3ry bardzo przepraszamy rodzic\u00f3w, kt\u00f3rzy w tym czasie trenuj\u0105 na treningu sobotnim, ch\u0119tnie prze\u015bl\u0119 do tych os\u00f3b maila z podsumowaniem spotkania lub osobi\u015bcie wszystko opowiem po treningu. \ud83d\ude42 Na spotkaniu przedstawimy: plan dzia\u0142ania na ten sezon, przebieg oraz nowo\u015bci wprowadzone na treningach og\u00f3lnorozwojowych odbywaj\u0105cych si\u0119 w sobot\u0119, now\u0105 kadr\u0119, now\u0105 grup\u0119, kt\u00f3ra zacz\u0119\u0142a dzia\u0142a\u0107 od tego sezonu Urwiski Pro! Do zobaczenia!<\/p>\n","protected":false},"author":6,"featured_media":10678,"menu_order":0,"comment_status":"closed","ping_status":"closed","template":"","format":"standard","meta":{"_acf_changed":false,"_mo_disable_npp":"","_vp_format_video_url":"","_vp_image_focal_point":[],"footnotes":""},"portfolio_category":[],"portfolio_tag":[],"class_list":["post-17319","portfolio","type-portfolio","status-publish","format-standard","has-post-thumbnail","hentry","portfolio_filter-klubowe-en","portfolio_filter-narciarskie-en"],"acf":[],"aioseo_notices":[],"_links":{"self":[{"href":"https:\/\/deski.org\/en\/wp-json\/wp\/v2\/portfolio\/17319","targetHints":{"allow":["GET"]}}],"collection":[{"href":"https:\/\/deski.org\/en\/wp-json\/wp\/v2\/portfolio"}],"about":[{"href":"https:\/\/deski.org\/en\/wp-json\/wp\/v2\/types\/portfolio"}],"author":[{"embeddable":true,"href":"https:\/\/deski.org\/en\/wp-json\/wp\/v2\/users\/6"}],"replies":[{"embeddable":true,"href":"https:\/\/deski.org\/en\/wp-json\/wp\/v2\/comments?post=17319"}],"version-history":[{"count":0,"href":"https:\/\/deski.org\/en\/wp-json\/wp\/v2\/portfolio\/17319\/revisions"}],"wp:featuredmedia":[{"embeddable":true,"href":"https:\/\/deski.org\/en\/wp-json\/wp\/v2\/media\/10678"}],"wp:attachment":[{"href":"https:\/\/deski.org\/en\/wp-json\/wp\/v2\/media?parent=17319"}],"wp:term":[{"taxonomy":"portfolio_category","embeddable":true,"href":"https:\/\/deski.org\/en\/wp-json\/wp\/v2\/portfolio_category?post=17319"},{"taxonomy":"portfolio_tag","embeddable":true,"href":"https:\/\/deski.org\/en\/wp-json\/wp\/v2\/portfolio_tag?post=17319"}],"curies":[{"name":"wp","href":"https:\/\/api.w.org\/{rel}","templated":true}]}}

<p>Drodzy Rodzice,</p>
<p>Witamy Państwa w kolejnym sezonie narciarskim w naszym klubie! 🙂</p>
<p>Zapraszamy serdecznie na <b>spotkanie dla rodziców Urwisków</b>, które odbędzie się w najbliższą <b>sobotę 23.10 o godz. 10:30</b>. Z góry bardzo przepraszamy rodziców, którzy w tym czasie trenują na treningu sobotnim, chętnie prześlę do tych osób maila z podsumowaniem spotkania lub osobiście wszystko opowiem po treningu. 🙂</p>
<p>Na spotkaniu przedstawimy:</p>
<ul>
<li>plan działania na ten sezon,</li>
<li>przebieg oraz nowości wprowadzone na treningach ogólnorozwojowych odbywających się w sobotę,</li>
<li>nową kadrę,</li>
<li>nową grupę, która zaczęła działać od tego sezonu Urwiski Pro!</li>
</ul>
<p>Do zobaczenia!</p>

<p>Drodzy Rodzice, Witamy Państwa w kolejnym sezonie narciarskim w naszym klubie! 🙂 Zapraszamy serdecznie na spotkanie dla rodziców Urwisków, które odbędzie się w najbliższą sobotę 23.10 o godz. 10:30. Z góry bardzo przepraszamy rodziców, którzy w tym czasie trenują na treningu sobotnim, chętnie prześlę do tych osób maila z podsumowaniem spotkania lub osobiście wszystko opowiem po treningu. 🙂 Na spotkaniu przedstawimy: plan działania na ten sezon, przebieg oraz nowości wprowadzone na treningach ogólnorozwojowych odbywających się w sobotę, nową kadrę, nową grupę, która zaczęła działać od tego sezonu Urwiski Pro! Do zobaczenia!</p>
