{"id":17673,"date":"2016-08-19T12:39:05","date_gmt":"2016-08-19T12:39:05","guid":{"rendered":"https:\/\/deski.org\/portfolio\/rychwald-2016\/"},"modified":"2016-08-19T12:39:05","modified_gmt":"2016-08-19T12:39:05","slug":"rychwald-2016","status":"publish","type":"portfolio","link":"https:\/\/deski.org\/en\/portfolio\/rychwald-2016\/","title":{"rendered":"Rychwa\u0142d 2016"},"content":{"rendered":"<p><strong>Po kilkuletniej przerwie DeSkowicze ponownie zawitali w Rychwa\u0142dzie.<\/strong> Przywita\u0142a nas pi\u0119kna pogoda i niezwykle mi\u0142a atmosfera Dworu Rychwa\u0142d z Pani\u0105 Kazi\u0105 na czele.<\/p>\n<p>Ob\u00f3z rozpocz\u0119li\u015bmy pysznym obiadem, po kt\u00f3rym wszyscy obozowicze w liczbie 26 zameldowali si\u0119 na bardzo dobrze przygotowanych kortach.<\/p>\n<p>Od pierwszego dnia uczestnicy mieli bardzo du\u017co zaj\u0119\u0107 \u2013 tenisowych i nie tylko&#8230; Treningi tenisowe przeplatane by\u0142y licznymi wizytami na basenie, kt\u00f3ry dawa\u0142 wytchnienie w upalne dni. Opr\u00f3cz tenisa i basenu czas wype\u0142nia\u0142y nam gry i zabawy sportowe (unihokej, siatk\u00f3wka pla\u017cowa, pi\u0142ka no\u017cna) oraz zmagania w ramach Tenisowego Wieloboju Sprawno\u015bciowego zwanego Talentiad\u0105.<\/p>\n<p>Obozowicze w drodze losowania zostali podzieleni na 5 dru\u017cyn talentiadowych, kt\u00f3re rywalizowa\u0142y w 10 konkurencjach, takich jak: tenis sto\u0142owy, rzut pi\u0142k\u0105 lekarsk\u0105, skakanka, baloniada, skok w dal oraz specjalistycznych sprawdzianach tenisowych na korcie. <strong>Wyniki tej zaci\u0119tej rywalizacji i sk\u0142ady dru\u017cyn przedstawiaj\u0105 si\u0119 nast\u0119puj\u0105co:<\/strong><\/p>\n<p>1 miejsce &#8211; \u201eCzarodzieje Ninja \u2013 geje\u201d w sk\u0142adzie: Tomek Niewiadomski, Dominik Minkowski, Weronika Sobolewska, Aleks Konopka, Stella J\u00f3\u017awiak<\/p>\n<p>2 miejsce &#8211; \u201eSpocone wieprze\u201d w sk\u0142adzie: Kacper Petelicki, Iwo Walig\u00f3ra, Gabry\u015b \u0141yczkowski, Adam Sochacki, Maya Komar-Fletcher<\/p>\n<p>3 miejsce &#8211; \u201eS\u0142odkoro\u017cce\u201d w sk\u0142adzie: Antek Niedziela, Julka Figaszewska, Julka Kara\u015b, Emilka Petelicka, Sonia Slezkin, Aaron J\u00f3\u017awiak<\/p>\n<p>4 miejsce &#8211; \u201eZgredki\u201d w sk\u0142adzie: Kamil Doligalski, Amelka Bielaszewska, Kuba Mackiewicz, Miron Walig\u00f3ra, Milena Niewiadomska<\/p>\n<p>5 miejsce &#8211; \u201eSportowa Warszawa\u201d w sk\u0142adzie: Hubert G\u00f3recki, Martyna Zaremba, Adam Ziniewicz, Maciek Zawal, Amelka Konopka<\/p>\n<p>&nbsp;<\/p>\n<p>Z kronikarskiego obowi\u0105zku nale\u017cy zaznaczy\u0107, \u017ce rozegrali\u015bmy 3 turnieje tenisowe, kt\u00f3rych uczestnicy byli podzieleni w zale\u017cno\u015bci od umiej\u0119tno\u015bci tenisowych.<\/p>\n<p>&nbsp;<\/p>\n<p><strong>Turniej dla najm\u0142odszych \u2013 Nadzieja PRO<\/strong><\/p>\n<p>1 miejsce \u2013 Adam Sochacki<\/p>\n<p>2 miejsce \u2013 Miron Walig\u00f3ra<\/p>\n<p>3 miejsce \u2013 Stella J\u00f3\u017awiak<\/p>\n<p>4 miejsce \u2013 Maciek Zawal<\/p>\n<p>5 miejsce \u2013 Sonia Slezkin<\/p>\n<p>6 miejsce \u2013 Maya Komar-Fletcher<\/p>\n<p>7 miejsce \u2013 Aaron J\u00f3\u017awiak<\/p>\n<p>&nbsp;<\/p>\n<p><strong>Turniej dla grupy rekreacyjnej \u2013 Zabawa PRO<\/strong><\/p>\n<p>1 miejsce \u2013 Julka Figaszewska<\/p>\n<p>2 miejsce \u2013 Gabry\u015b \u0141yczkowski<\/p>\n<p>3 miejsce \u2013 Julka Kara\u015b &amp; Weronika Sobolewska<\/p>\n<p>5 miejsce \u2013 Kacper Petelicki<\/p>\n<p>6 miejsce \u2013 Emilka Petelicka<\/p>\n<p>7 miejsce \u2013 Adam Ziniewicz<\/p>\n<p>8 miejsce \u2013 Amelka Konopka<\/p>\n<p>9 miejsce \u2013 Aleks Konopka<\/p>\n<p>&nbsp;<\/p>\n<p><strong>Turniej grupy najsilniejszej tenisowo \u2013 Pseudo PRO<\/strong><\/p>\n<p>1 miejsce \u2013 Kuba Mackiewicz<\/p>\n<p>2 miejsca \u2013 Martyna Zaremba<\/p>\n<p>3 miejsce \u2013 Iwo Walig\u00f3ra<\/p>\n<p>4 miejsce \u2013 Amelka Bielaszewska<\/p>\n<p>5 miejsce \u2013 Hubert G\u00f3recki<\/p>\n<p>6 miejsce \u2013 Dominik Minkowski<\/p>\n<p>7 miejsce \u2013 Antek Niedziela<\/p>\n<p>8 miejsce \u2013 Kamil Doligalski<\/p>\n<p>9 miejsce \u2013 Tomek Niewiadomski<\/p>\n<p>&nbsp;<\/p>\n<p>W turnieju nie wzi\u0119\u0142a udzia\u0142u Milenka Niewiadomska, kt\u00f3ra dopiero stawia swoje pierwsze kroki na korcie. Niemniej jednak nale\u017cy podkre\u015bli\u0107, \u017ce Milenka w pe\u0142ni zas\u0142u\u017cy\u0142a na pochwa\u0142\u0119, gdy\u017c znakomicie spisywa\u0142a si\u0119 podczas trening\u00f3w.<\/p>\n<p>Nagrodzono r\u00f3wnie\u017c dwoje uczestnik\u00f3w za postaw\u0119 Fair Play (na korcie, jak r\u00f3wnie\u017c poza nim). Nagrod\u0119 t\u0119 przyznano w drodze g\u0142osowania wszystkich uczestnik\u00f3w obozu. Na wyr\u00f3\u017cnienie to zas\u0142u\u017cyli w oczach kole\u017canek, koleg\u00f3w i trener\u00f3w Julka Kara\u015b i Iwo Walig\u00f3ra.<\/p>\n<p>Za bardzo udany ob\u00f3z i wsp\u00f3lnie sp\u0119dzone 12 dni dzi\u0119kuj\u0105 Czarek, Jarek i Sebastian.<\/p>\n<p>&nbsp;<\/p>\n<p><a href=\"https:\/\/www.facebook.com\/DeSkiTenis\/photos\/?tab=album&amp;album_id=931873056935438\" target=\"_blank\" rel=\"noopener\"><strong>PE\u0141NA GALERIA Z OBOZU DOST\u0118PNA JEST NA FANPAGE DESKI TENIS!<\/strong><\/a><\/p>\n","protected":false},"excerpt":{"rendered":"<p>Po kilkuletniej przerwie DeSkowicze ponownie zawitali w Rychwa\u0142dzie. Przywita\u0142a nas pi\u0119kna pogoda i niezwykle mi\u0142a atmosfera Dworu Rychwa\u0142d z Pani\u0105 Kazi\u0105 na czele. Ob\u00f3z rozpocz\u0119li\u015bmy pysznym obiadem, po kt\u00f3rym wszyscy obozowicze w liczbie 26 zameldowali si\u0119 na bardzo dobrze przygotowanych kortach. Od pierwszego dnia uczestnicy mieli bardzo du\u017co zaj\u0119\u0107 \u2013 tenisowych i nie tylko&#8230; Treningi tenisowe przeplatane by\u0142y licznymi wizytami na basenie, kt\u00f3ry dawa\u0142 wytchnienie w upalne dni. Opr\u00f3cz tenisa i basenu czas wype\u0142nia\u0142y nam gry i zabawy sportowe (unihokej, siatk\u00f3wka pla\u017cowa, pi\u0142ka no\u017cna) oraz zmagania w ramach Tenisowego Wieloboju Sprawno\u015bciowego zwanego Talentiad\u0105. Obozowicze w drodze losowania zostali podzieleni na 5 dru\u017cyn talentiadowych, kt\u00f3re rywalizowa\u0142y w 10 konkurencjach, takich jak: tenis sto\u0142owy, rzut pi\u0142k\u0105 lekarsk\u0105, skakanka, baloniada, skok w dal oraz specjalistycznych sprawdzianach tenisowych na korcie. Wyniki tej zaci\u0119tej rywalizacji i sk\u0142ady dru\u017cyn przedstawiaj\u0105 si\u0119 nast\u0119puj\u0105co: 1 miejsce &#8211; \u201eCzarodzieje Ninja \u2013 geje\u201d w sk\u0142adzie: Tomek Niewiadomski, Dominik Minkowski, Weronika Sobolewska, Aleks Konopka, Stella J\u00f3\u017awiak 2 miejsce &#8211; \u201eSpocone wieprze\u201d w sk\u0142adzie: Kacper Petelicki, Iwo Walig\u00f3ra, Gabry\u015b \u0141yczkowski, Adam Sochacki, Maya Komar-Fletcher 3 miejsce &#8211; \u201eS\u0142odkoro\u017cce\u201d w sk\u0142adzie: Antek Niedziela, Julka Figaszewska, Julka Kara\u015b, Emilka Petelicka, Sonia Slezkin, Aaron J\u00f3\u017awiak 4 miejsce &#8211; \u201eZgredki\u201d w sk\u0142adzie: Kamil Doligalski, Amelka Bielaszewska, [&hellip;]<\/p>\n","protected":false},"author":1,"featured_media":9148,"menu_order":0,"comment_status":"open","ping_status":"closed","template":"","format":"standard","meta":{"_acf_changed":false,"_mo_disable_npp":"","_vp_format_video_url":"","_vp_image_focal_point":[],"footnotes":""},"portfolio_category":[],"portfolio_tag":[],"class_list":["post-17673","portfolio","type-portfolio","status-publish","format-standard","has-post-thumbnail","hentry","portfolio_filter-klubowe-en","portfolio_filter-tenisowe-en"],"acf":[],"aioseo_notices":[],"_links":{"self":[{"href":"https:\/\/deski.org\/en\/wp-json\/wp\/v2\/portfolio\/17673","targetHints":{"allow":["GET"]}}],"collection":[{"href":"https:\/\/deski.org\/en\/wp-json\/wp\/v2\/portfolio"}],"about":[{"href":"https:\/\/deski.org\/en\/wp-json\/wp\/v2\/types\/portfolio"}],"author":[{"embeddable":true,"href":"https:\/\/deski.org\/en\/wp-json\/wp\/v2\/users\/1"}],"replies":[{"embeddable":true,"href":"https:\/\/deski.org\/en\/wp-json\/wp\/v2\/comments?post=17673"}],"version-history":[{"count":0,"href":"https:\/\/deski.org\/en\/wp-json\/wp\/v2\/portfolio\/17673\/revisions"}],"wp:featuredmedia":[{"embeddable":true,"href":"https:\/\/deski.org\/en\/wp-json\/wp\/v2\/media\/9148"}],"wp:attachment":[{"href":"https:\/\/deski.org\/en\/wp-json\/wp\/v2\/media?parent=17673"}],"wp:term":[{"taxonomy":"portfolio_category","embeddable":true,"href":"https:\/\/deski.org\/en\/wp-json\/wp\/v2\/portfolio_category?post=17673"},{"taxonomy":"portfolio_tag","embeddable":true,"href":"https:\/\/deski.org\/en\/wp-json\/wp\/v2\/portfolio_tag?post=17673"}],"curies":[{"name":"wp","href":"https:\/\/api.w.org\/{rel}","templated":true}]}}

Rychwałd 2016

<p><strong>Po kilkuletniej przerwie DeSkowicze ponownie zawitali w Rychwałdzie.</strong> Przywitała nas piękna pogoda i niezwykle miła atmosfera Dworu Rychwałd z Panią Kazią na czele.</p>
<p>Obóz rozpoczęliśmy pysznym obiadem, po którym wszyscy obozowicze w liczbie 26 zameldowali się na bardzo dobrze przygotowanych kortach.</p>
<p>Od pierwszego dnia uczestnicy mieli bardzo dużo zajęć – tenisowych i nie tylko&#8230; Treningi tenisowe przeplatane były licznymi wizytami na basenie, który dawał wytchnienie w upalne dni. Oprócz tenisa i basenu czas wypełniały nam gry i zabawy sportowe (unihokej, siatkówka plażowa, piłka nożna) oraz zmagania w ramach Tenisowego Wieloboju Sprawnościowego zwanego Talentiadą.</p>
<p>Obozowicze w drodze losowania zostali podzieleni na 5 drużyn talentiadowych, które rywalizowały w 10 konkurencjach, takich jak: tenis stołowy, rzut piłką lekarską, skakanka, baloniada, skok w dal oraz specjalistycznych sprawdzianach tenisowych na korcie. <strong>Wyniki tej zaciętej rywalizacji i składy drużyn przedstawiają się następująco:</strong></p>
<p>1 miejsce &#8211; „Czarodzieje Ninja – geje” w składzie: Tomek Niewiadomski, Dominik Minkowski, Weronika Sobolewska, Aleks Konopka, Stella Jóźwiak</p>
<p>2 miejsce &#8211; „Spocone wieprze” w składzie: Kacper Petelicki, Iwo Waligóra, Gabryś Łyczkowski, Adam Sochacki, Maya Komar-Fletcher</p>
<p>3 miejsce &#8211; „Słodkorożce” w składzie: Antek Niedziela, Julka Figaszewska, Julka Karaś, Emilka Petelicka, Sonia Slezkin, Aaron Jóźwiak</p>
<p>4 miejsce &#8211; „Zgredki” w składzie: Kamil Doligalski, Amelka Bielaszewska, Kuba Mackiewicz, Miron Waligóra, Milena Niewiadomska</p>
<p>5 miejsce &#8211; „Sportowa Warszawa” w składzie: Hubert Górecki, Martyna Zaremba, Adam Ziniewicz, Maciek Zawal, Amelka Konopka</p>
<p>&nbsp;</p>
<p>Z kronikarskiego obowiązku należy zaznaczyć, że rozegraliśmy 3 turnieje tenisowe, których uczestnicy byli podzieleni w zależności od umiejętności tenisowych.</p>
<p>&nbsp;</p>
<p><strong>Turniej dla najmłodszych – Nadzieja PRO</strong></p>
<p>1 miejsce – Adam Sochacki</p>
<p>2 miejsce – Miron Waligóra</p>
<p>3 miejsce – Stella Jóźwiak</p>
<p>4 miejsce – Maciek Zawal</p>
<p>5 miejsce – Sonia Slezkin</p>
<p>6 miejsce – Maya Komar-Fletcher</p>
<p>7 miejsce – Aaron Jóźwiak</p>
<p>&nbsp;</p>
<p><strong>Turniej dla grupy rekreacyjnej – Zabawa PRO</strong></p>
<p>1 miejsce – Julka Figaszewska</p>
<p>2 miejsce – Gabryś Łyczkowski</p>
<p>3 miejsce – Julka Karaś &amp; Weronika Sobolewska</p>
<p>5 miejsce – Kacper Petelicki</p>
<p>6 miejsce – Emilka Petelicka</p>
<p>7 miejsce – Adam Ziniewicz</p>
<p>8 miejsce – Amelka Konopka</p>
<p>9 miejsce – Aleks Konopka</p>
<p>&nbsp;</p>
<p><strong>Turniej grupy najsilniejszej tenisowo – Pseudo PRO</strong></p>
<p>1 miejsce – Kuba Mackiewicz</p>
<p>2 miejsca – Martyna Zaremba</p>
<p>3 miejsce – Iwo Waligóra</p>
<p>4 miejsce – Amelka Bielaszewska</p>
<p>5 miejsce – Hubert Górecki</p>
<p>6 miejsce – Dominik Minkowski</p>
<p>7 miejsce – Antek Niedziela</p>
<p>8 miejsce – Kamil Doligalski</p>
<p>9 miejsce – Tomek Niewiadomski</p>
<p>&nbsp;</p>
<p>W turnieju nie wzięła udziału Milenka Niewiadomska, która dopiero stawia swoje pierwsze kroki na korcie. Niemniej jednak należy podkreślić, że Milenka w pełni zasłużyła na pochwałę, gdyż znakomicie spisywała się podczas treningów.</p>
<p>Nagrodzono również dwoje uczestników za postawę Fair Play (na korcie, jak również poza nim). Nagrodę tę przyznano w drodze głosowania wszystkich uczestników obozu. Na wyróżnienie to zasłużyli w oczach koleżanek, kolegów i trenerów Julka Karaś i Iwo Waligóra.</p>
<p>Za bardzo udany obóz i wspólnie spędzone 12 dni dziękują Czarek, Jarek i Sebastian.</p>
<p>&nbsp;</p>
<p><a href="https://www.facebook.com/DeSkiTenis/photos/?tab=album&amp;album_id=931873056935438" target="_blank" rel="noopener"><strong>PEŁNA GALERIA Z OBOZU DOSTĘPNA JEST NA FANPAGE DESKI TENIS!</strong></a></p>

<p>Po kilkuletniej przerwie DeSkowicze ponownie zawitali w Rychwałdzie. Przywitała nas piękna pogoda i niezwykle miła atmosfera Dworu Rychwałd z Panią Kazią na czele. Obóz rozpoczęliśmy pysznym obiadem, po którym wszyscy obozowicze w liczbie 26 zameldowali się na bardzo dobrze przygotowanych kortach. Od pierwszego dnia uczestnicy mieli bardzo dużo zajęć – tenisowych i nie tylko&#8230; Treningi tenisowe przeplatane były licznymi wizytami na basenie, który dawał wytchnienie w upalne dni. Oprócz tenisa i basenu czas wypełniały nam gry i zabawy sportowe (unihokej, siatkówka plażowa, piłka nożna) oraz zmagania w ramach Tenisowego Wieloboju Sprawnościowego zwanego Talentiadą. Obozowicze w drodze losowania zostali podzieleni na 5 drużyn talentiadowych, które rywalizowały w 10 konkurencjach, takich jak: tenis stołowy, rzut piłką lekarską, skakanka, baloniada, skok w dal oraz specjalistycznych sprawdzianach tenisowych na korcie. Wyniki tej zaciętej rywalizacji i składy drużyn przedstawiają się następująco: 1 miejsce &#8211; „Czarodzieje Ninja – geje” w składzie: Tomek Niewiadomski, Dominik Minkowski, Weronika Sobolewska, Aleks Konopka, Stella Jóźwiak 2 miejsce &#8211; „Spocone wieprze” w składzie: Kacper Petelicki, Iwo Waligóra, Gabryś Łyczkowski, Adam Sochacki, Maya Komar-Fletcher 3 miejsce &#8211; „Słodkorożce” w składzie: Antek Niedziela, Julka Figaszewska, Julka Karaś, Emilka Petelicka, Sonia Slezkin, Aaron Jóźwiak 4 miejsce &#8211; „Zgredki” w składzie: Kamil Doligalski, Amelka Bielaszewska, [&hellip;]</p>
