{"id":17675,"date":"2016-08-03T15:08:45","date_gmt":"2016-08-03T15:08:45","guid":{"rendered":"https:\/\/deski.org\/portfolio\/obozy-narciarskie-i-snowboardowe-201617\/"},"modified":"2016-08-03T15:08:45","modified_gmt":"2016-08-03T15:08:45","slug":"obozy-narciarskie-i-snowboardowe-201617","status":"publish","type":"portfolio","link":"https:\/\/deski.org\/en\/portfolio\/obozy-narciarskie-i-snowboardowe-201617\/","title":{"rendered":"Obozy narciarskie i snowboardowe 2016\/17"},"content":{"rendered":"<p>Zapraszamy do zapoznania si\u0119 z ofert\u0105 wyjazdow\u0105 na sezon 2016\/2017.<br \/>\n<a href=\"https:\/\/deski.org\/obozy\/\">Tutaj znajd\u0105 Pa\u0144stwo wszystkie nasze wyjazdy.<\/a><\/p>\n<hr \/>\n<p><strong>JESIE\u0143<\/strong><\/p>\n<ol>\n<li><a href=\"https:\/\/deski.org\/oboz-narciarski-stubaital-rogen\/\" target=\"_blank\" rel=\"noopener\">14 \u2013 22.10.2016 r.<\/a>\u00a0 \u00a0 \u00a0 \u00a0 \u00a0 \u00a0Stubaital Hotel Rogen\u00a0\u00a0\u00a0\u00a0\u00a0\u00a0 \u00a0\u00a0\u00a0\u00a0\u00a0\u00a0\u00a0\u00a0\u00a0\u00a0\u00a0\u00a0\u00a0\u00a0 rocznik: 2000 \u2013 2008<\/li>\n<li><a href=\"https:\/\/deski.org\/oboz-narciarski-stubaital-rogen2\/\" target=\"_blank\" rel=\"noopener\">04 \u2013 12.11.2016 r.<\/a>\u00a0 \u00a0 \u00a0 \u00a0 \u00a0 \u00a0Stubaital Hotel Rogen\u00a0\u00a0\u00a0\u00a0\u00a0\u00a0 \u00a0\u00a0\u00a0\u00a0\u00a0\u00a0\u00a0\u00a0\u00a0\u00a0\u00a0\u00a0\u00a0\u00a0 rocznik: 2005 \u2013 2008 + doro\u015bli z ma\u0142ymi dzie\u0107mi + doro\u015bli samodzielnie<\/li>\n<li><a href=\"https:\/\/deski.org\/oboz-narciarski-stubaital-alpengasthof\/\" target=\"_blank\" rel=\"noopener\">04 \u2013 12.11.2016 r.<\/a>\u00a0 \u00a0 \u00a0 \u00a0 \u00a0 \u00a0Alpengasthof B\u00e4renbad \u00a0 \u00a0 \u00a0 \u00a0 \u00a0 \u00a0 \u00a0 \u00a0 \u00a0 \u00a0 \u00a0rocznik: 2000 \u2013 2004<\/li>\n<\/ol>\n<p>&nbsp;<\/p>\n<p><strong>FERIE \u2013 DZIECI I M\u0141ODZIE\u017b<\/strong><\/p>\n<ol>\n<li><a href=\"https:\/\/deski.org\/oboz-narciarski-w-innerkrems\/\" target=\"_blank\" rel=\"noopener\">11 \u2013 22.02.2017 r.<\/a>\u00a0\u00a0\u00a0\u00a0\u00a0\u00a0\u00a0\u00a0\u00a0\u00a0 Innerkrems\u00a0\u00a0\u00a0\u00a0\u00a0\u00a0\u00a0\u00a0 Hotel Zirbenhof\u00a0\u00a0\u00a0\u00a0\u00a0\u00a0\u00a0\u00a0\u00a0\u00a0\u00a0\u00a0\u00a0\u00a0\u00a0 rocznik: 2000 \u2013 2004<\/li>\n<li><a href=\"https:\/\/deski.org\/oboz-narciarski-w-hinterstroder-ferie\/\" target=\"_blank\" rel=\"noopener\">11 \u2013 22.02.2017 r.<\/a>\u00a0\u00a0\u00a0\u00a0\u00a0\u00a0\u00a0\u00a0\u00a0\u00a0 Hinterstoder\u00a0\u00a0\u00a0\u00a0 Hotel Lindbichler\u00a0\u00a0\u00a0\u00a0\u00a0\u00a0\u00a0\u00a0\u00a0\u00a0\u00a0\u00a0\u00a0 rocznik: 2005 \u2013 2008<\/li>\n<li><a href=\"https:\/\/deski.org\/oboz-snowbordowy-w-andalo-ferie\/\" target=\"_blank\" rel=\"noopener\">12 \u2013 24.02.2017 r. \u00a0<\/a>\u00a0 \u00a0 \u00a0 \u00a0 \u00a0Andalo\u00a0\u00a0\u00a0\u00a0\u00a0\u00a0\u00a0\u00a0\u00a0\u00a0\u00a0\u00a0\u00a0\u00a0\u00a0\u00a0 Hotel Angelo\u00a0\u00a0\u00a0\u00a0\u00a0\u00a0\u00a0\u00a0\u00a0\u00a0\u00a0\u00a0\u00a0\u00a0\u00a0\u00a0\u00a0\u00a0\u00a0\u00a0 rocznik: 2000 \u2013 2008\u00a0\u00a0\u00a0\u00a0\u00a0\u00a0\u00a0\u00a0\u00a0\u00a0\u00a0\u00a0\u00a0\u00a0 ob\u00f3z snowbordowy (w miar\u0119 wolnych miejsc zabieramy te\u017c narciarzy)<\/li>\n<\/ol>\n<p>&nbsp;<\/p>\n<p><strong>FERIE \u2013 DORO\u015aLI Z DZIE\u0106MI + DORO\u015aLI SAMODZIELNIE<\/strong><\/p>\n<ol>\n<li><a href=\"https:\/\/deski.org\/oboz-narciarski-folgaria-ferie-1\/\" target=\"_blank\" rel=\"noopener\">10 \u2013 19.02.2017 r.\u00a0<\/a>\u00a0\u00a0\u00a0\u00a0\u00a0\u00a0\u00a0\u00a0\u00a0 Folgaria\u00a0\u00a0\u00a0\u00a0\u00a0\u00a0\u00a0\u00a0\u00a0\u00a0\u00a0\u00a0\u00a0\u00a0 Hotel Luna Bianca ***S<\/li>\n<li><a href=\"https:\/\/deski.org\/oboz-narciarski-folgaria-ferie-2\/\" target=\"_blank\" rel=\"noopener\">17 \u2013 26.02.2017 r.\u00a0<\/a>\u00a0\u00a0\u00a0\u00a0\u00a0\u00a0\u00a0\u00a0\u00a0 Folgaria\u00a0\u00a0\u00a0\u00a0\u00a0\u00a0\u00a0\u00a0\u00a0\u00a0\u00a0\u00a0\u00a0\u00a0 Hotel Luna Bianca ***S<\/li>\n<\/ol>\n<p><strong>S<\/strong><strong><em>zkolenie narciarskie dla doros\u0142ych na obozach w Folgarii b\u0119dzie prowadzi\u0142 by\u0142y reprezentant Polski w Pucharze \u015awiata \u2013 JAN WOJTIUK<\/em><\/strong><\/p>\n<p>&nbsp;<\/p>\n<p><strong>URWISKI \u2013 PRZEDSZKOLE NARCIARSKIE WTS DESKI<\/strong><\/p>\n<ol>\n<li><a href=\"https:\/\/deski.org\/oboz-narciarski-bukowina-tatrzanska-1\/\" target=\"_blank\" rel=\"noopener\">05 \u2013 11.03.2017 r.<\/a>\u00a0\u00a0\u00a0\u00a0\u00a0\u00a0\u00a0\u00a0\u00a0\u00a0 Bukowina Tatrza\u0144ska\u00a0\u00a0\u00a0\u00a0\u00a0\u00a0\u00a0\u00a0\u00a0\u00a0\u00a0\u00a0\u00a0\u00a0\u00a0\u00a0\u00a0\u00a0\u00a0 Pensjonat Willa Roztoka<\/li>\n<li><a href=\"https:\/\/deski.org\/oboz-narciarski-bukowina-tatrzanska-2\/\" target=\"_blank\" rel=\"noopener\">12 \u2013 18.03.2017 r.<\/a>\u00a0\u00a0\u00a0\u00a0\u00a0\u00a0\u00a0\u00a0\u00a0\u00a0 Bukowina Tatrza\u0144ska\u00a0\u00a0\u00a0\u00a0\u00a0\u00a0\u00a0\u00a0\u00a0\u00a0\u00a0\u00a0\u00a0\u00a0\u00a0\u00a0\u00a0\u00a0\u00a0 Pensjonat Willa Roztoka<\/li>\n<li><a href=\"https:\/\/deski.org\/oboz-narciarski-bukowina-tatrzanska-3\/\" target=\"_blank\" rel=\"noopener\">19 \u2013 25.03.2017 r.<\/a>\u00a0\u00a0\u00a0\u00a0\u00a0\u00a0\u00a0\u00a0\u00a0\u00a0 Bukowina Tatrza\u0144ska\u00a0\u00a0\u00a0\u00a0\u00a0\u00a0\u00a0\u00a0\u00a0\u00a0\u00a0\u00a0\u00a0\u00a0\u00a0\u00a0\u00a0\u00a0\u00a0 Pensjonat Willa Roztoka<\/li>\n<\/ol>\n<p>&nbsp;<\/p>\n<p><img loading=\"lazy\" decoding=\"async\" class=\"alignnone wp-image-1673\" src=\"https:\/\/deski.org\/wp-content\/uploads\/2016\/08\/12418020_1110595305619518_4424104963406683451_n-300x170.jpg\" alt=\"12418020_1110595305619518_4424104963406683451_n\" width=\"686\" height=\"389\" srcset=\"https:\/\/deski.org\/wp-content\/uploads\/2016\/08\/12418020_1110595305619518_4424104963406683451_n-300x170.jpg 300w, https:\/\/deski.org\/wp-content\/uploads\/2016\/08\/12418020_1110595305619518_4424104963406683451_n-24x14.jpg 24w, https:\/\/deski.org\/wp-content\/uploads\/2016\/08\/12418020_1110595305619518_4424104963406683451_n-36x20.jpg 36w, https:\/\/deski.org\/wp-content\/uploads\/2016\/08\/12418020_1110595305619518_4424104963406683451_n-48x27.jpg 48w, https:\/\/deski.org\/wp-content\/uploads\/2016\/08\/12418020_1110595305619518_4424104963406683451_n.jpg 960w\" sizes=\"auto, (max-width: 686px) 100vw, 686px\" \/><\/p>\n<p>&nbsp;<\/p>\n<p>Zapraszamy do zapoznania si\u0119 ze szczeg\u00f3\u0142ami &#8211;\u00a0<a href=\"https:\/\/deski.org\/obozy\/\">TUTAJ<\/a>.<\/p>\n","protected":false},"excerpt":{"rendered":"<p>Zapraszamy do zapoznania si\u0119 z ofert\u0105 wyjazdow\u0105 na sezon 2016\/2017. Tutaj znajd\u0105 Pa\u0144stwo wszystkie nasze wyjazdy. JESIE\u0143 14 \u2013 22.10.2016 r.\u00a0 \u00a0 \u00a0 \u00a0 \u00a0 \u00a0Stubaital Hotel Rogen\u00a0\u00a0\u00a0\u00a0\u00a0\u00a0 \u00a0\u00a0\u00a0\u00a0\u00a0\u00a0\u00a0\u00a0\u00a0\u00a0\u00a0\u00a0\u00a0\u00a0 rocznik: 2000 \u2013 2008 04 \u2013 12.11.2016 r.\u00a0 \u00a0 \u00a0 \u00a0 \u00a0 \u00a0Stubaital Hotel Rogen\u00a0\u00a0\u00a0\u00a0\u00a0\u00a0 \u00a0\u00a0\u00a0\u00a0\u00a0\u00a0\u00a0\u00a0\u00a0\u00a0\u00a0\u00a0\u00a0\u00a0 rocznik: 2005 \u2013 2008 + doro\u015bli z ma\u0142ymi dzie\u0107mi + doro\u015bli samodzielnie 04 \u2013 12.11.2016 r.\u00a0 \u00a0 \u00a0 \u00a0 \u00a0 \u00a0Alpengasthof B\u00e4renbad \u00a0 \u00a0 \u00a0 \u00a0 \u00a0 \u00a0 \u00a0 \u00a0 \u00a0 \u00a0 \u00a0rocznik: 2000 \u2013 2004 &nbsp; FERIE \u2013 DZIECI I M\u0141ODZIE\u017b 11 \u2013 22.02.2017 r.\u00a0\u00a0\u00a0\u00a0\u00a0\u00a0\u00a0\u00a0\u00a0\u00a0 Innerkrems\u00a0\u00a0\u00a0\u00a0\u00a0\u00a0\u00a0\u00a0 Hotel Zirbenhof\u00a0\u00a0\u00a0\u00a0\u00a0\u00a0\u00a0\u00a0\u00a0\u00a0\u00a0\u00a0\u00a0\u00a0\u00a0 rocznik: 2000 \u2013 2004 11 \u2013 22.02.2017 r.\u00a0\u00a0\u00a0\u00a0\u00a0\u00a0\u00a0\u00a0\u00a0\u00a0 Hinterstoder\u00a0\u00a0\u00a0\u00a0 Hotel Lindbichler\u00a0\u00a0\u00a0\u00a0\u00a0\u00a0\u00a0\u00a0\u00a0\u00a0\u00a0\u00a0\u00a0 rocznik: 2005 \u2013 2008 12 \u2013 24.02.2017 r. \u00a0\u00a0 \u00a0 \u00a0 \u00a0 \u00a0Andalo\u00a0\u00a0\u00a0\u00a0\u00a0\u00a0\u00a0\u00a0\u00a0\u00a0\u00a0\u00a0\u00a0\u00a0\u00a0\u00a0 Hotel Angelo\u00a0\u00a0\u00a0\u00a0\u00a0\u00a0\u00a0\u00a0\u00a0\u00a0\u00a0\u00a0\u00a0\u00a0\u00a0\u00a0\u00a0\u00a0\u00a0\u00a0 rocznik: 2000 \u2013 2008\u00a0\u00a0\u00a0\u00a0\u00a0\u00a0\u00a0\u00a0\u00a0\u00a0\u00a0\u00a0\u00a0\u00a0 ob\u00f3z snowbordowy (w miar\u0119 wolnych miejsc zabieramy te\u017c narciarzy) &nbsp; FERIE \u2013 DORO\u015aLI Z DZIE\u0106MI + DORO\u015aLI SAMODZIELNIE 10 \u2013 19.02.2017 r.\u00a0\u00a0\u00a0\u00a0\u00a0\u00a0\u00a0\u00a0\u00a0\u00a0 Folgaria\u00a0\u00a0\u00a0\u00a0\u00a0\u00a0\u00a0\u00a0\u00a0\u00a0\u00a0\u00a0\u00a0\u00a0 Hotel Luna Bianca ***S 17 \u2013 26.02.2017 r.\u00a0\u00a0\u00a0\u00a0\u00a0\u00a0\u00a0\u00a0\u00a0\u00a0 Folgaria\u00a0\u00a0\u00a0\u00a0\u00a0\u00a0\u00a0\u00a0\u00a0\u00a0\u00a0\u00a0\u00a0\u00a0 Hotel Luna Bianca ***S Szkolenie narciarskie dla doros\u0142ych na obozach w Folgarii b\u0119dzie prowadzi\u0142 by\u0142y reprezentant Polski w Pucharze \u015awiata \u2013 JAN WOJTIUK &nbsp; URWISKI \u2013 PRZEDSZKOLE NARCIARSKIE WTS DESKI 05 \u2013 11.03.2017 r.\u00a0\u00a0\u00a0\u00a0\u00a0\u00a0\u00a0\u00a0\u00a0\u00a0 Bukowina Tatrza\u0144ska\u00a0\u00a0\u00a0\u00a0\u00a0\u00a0\u00a0\u00a0\u00a0\u00a0\u00a0\u00a0\u00a0\u00a0\u00a0\u00a0\u00a0\u00a0\u00a0 Pensjonat Willa Roztoka 12 \u2013 18.03.2017 r.\u00a0\u00a0\u00a0\u00a0\u00a0\u00a0\u00a0\u00a0\u00a0\u00a0 Bukowina [&hellip;]<\/p>\n","protected":false},"author":1,"featured_media":9134,"menu_order":0,"comment_status":"open","ping_status":"closed","template":"","format":"standard","meta":{"_acf_changed":false,"_mo_disable_npp":"","_vp_format_video_url":"","_vp_image_focal_point":[],"footnotes":""},"portfolio_category":[],"portfolio_tag":[],"class_list":["post-17675","portfolio","type-portfolio","status-publish","format-standard","has-post-thumbnail","hentry","portfolio_filter-klubowe-en","portfolio_filter-narciarskie-en","portfolio_filter-snowboardowe-en"],"acf":[],"aioseo_notices":[],"_links":{"self":[{"href":"https:\/\/deski.org\/en\/wp-json\/wp\/v2\/portfolio\/17675","targetHints":{"allow":["GET"]}}],"collection":[{"href":"https:\/\/deski.org\/en\/wp-json\/wp\/v2\/portfolio"}],"about":[{"href":"https:\/\/deski.org\/en\/wp-json\/wp\/v2\/types\/portfolio"}],"author":[{"embeddable":true,"href":"https:\/\/deski.org\/en\/wp-json\/wp\/v2\/users\/1"}],"replies":[{"embeddable":true,"href":"https:\/\/deski.org\/en\/wp-json\/wp\/v2\/comments?post=17675"}],"version-history":[{"count":0,"href":"https:\/\/deski.org\/en\/wp-json\/wp\/v2\/portfolio\/17675\/revisions"}],"wp:featuredmedia":[{"embeddable":true,"href":"https:\/\/deski.org\/en\/wp-json\/wp\/v2\/media\/9134"}],"wp:attachment":[{"href":"https:\/\/deski.org\/en\/wp-json\/wp\/v2\/media?parent=17675"}],"wp:term":[{"taxonomy":"portfolio_category","embeddable":true,"href":"https:\/\/deski.org\/en\/wp-json\/wp\/v2\/portfolio_category?post=17675"},{"taxonomy":"portfolio_tag","embeddable":true,"href":"https:\/\/deski.org\/en\/wp-json\/wp\/v2\/portfolio_tag?post=17675"}],"curies":[{"name":"wp","href":"https:\/\/api.w.org\/{rel}","templated":true}]}}

<p>Zapraszamy do zapoznania się z ofertą wyjazdową na sezon 2016/2017.<br />
<a href="https://deski.org/obozy/">Tutaj znajdą Państwo wszystkie nasze wyjazdy.</a></p>
<hr />
<p><strong>JESIEŃ</strong></p>
<ol>
<li><a href="https://deski.org/oboz-narciarski-stubaital-rogen/" target="_blank" rel="noopener">14 – 22.10.2016 r.</a>           Stubaital Hotel Rogen                      rocznik: 2000 – 2008</li>
<li><a href="https://deski.org/oboz-narciarski-stubaital-rogen2/" target="_blank" rel="noopener">04 – 12.11.2016 r.</a>           Stubaital Hotel Rogen                      rocznik: 2005 – 2008 + dorośli z małymi dziećmi + dorośli samodzielnie</li>
<li><a href="https://deski.org/oboz-narciarski-stubaital-alpengasthof/" target="_blank" rel="noopener">04 – 12.11.2016 r.</a>           Alpengasthof Bärenbad                      rocznik: 2000 – 2004</li>
</ol>
<p>&nbsp;</p>
<p><strong>FERIE – DZIECI I MŁODZIEŻ</strong></p>
<ol>
<li><a href="https://deski.org/oboz-narciarski-w-innerkrems/" target="_blank" rel="noopener">11 – 22.02.2017 r.</a>           Innerkrems         Hotel Zirbenhof                rocznik: 2000 – 2004</li>
<li><a href="https://deski.org/oboz-narciarski-w-hinterstroder-ferie/" target="_blank" rel="noopener">11 – 22.02.2017 r.</a>           Hinterstoder     Hotel Lindbichler              rocznik: 2005 – 2008</li>
<li><a href="https://deski.org/oboz-snowbordowy-w-andalo-ferie/" target="_blank" rel="noopener">12 – 24.02.2017 r.  </a>         Andalo                 Hotel Angelo                     rocznik: 2000 – 2008               obóz snowbordowy (w miarę wolnych miejsc zabieramy też narciarzy)</li>
</ol>
<p>&nbsp;</p>
<p><strong>FERIE – DOROŚLI Z DZIEĆMI + DOROŚLI SAMODZIELNIE</strong></p>
<ol>
<li><a href="https://deski.org/oboz-narciarski-folgaria-ferie-1/" target="_blank" rel="noopener">10 – 19.02.2017 r. </a>          Folgaria               Hotel Luna Bianca ***S</li>
<li><a href="https://deski.org/oboz-narciarski-folgaria-ferie-2/" target="_blank" rel="noopener">17 – 26.02.2017 r. </a>          Folgaria               Hotel Luna Bianca ***S</li>
</ol>
<p><strong>S</strong><strong><em>zkolenie narciarskie dla dorosłych na obozach w Folgarii będzie prowadził były reprezentant Polski w Pucharze Świata – JAN WOJTIUK</em></strong></p>
<p>&nbsp;</p>
<p><strong>URWISKI – PRZEDSZKOLE NARCIARSKIE WTS DESKI</strong></p>
<ol>
<li><a href="https://deski.org/oboz-narciarski-bukowina-tatrzanska-1/" target="_blank" rel="noopener">05 – 11.03.2017 r.</a>           Bukowina Tatrzańska                    Pensjonat Willa Roztoka</li>
<li><a href="https://deski.org/oboz-narciarski-bukowina-tatrzanska-2/" target="_blank" rel="noopener">12 – 18.03.2017 r.</a>           Bukowina Tatrzańska                    Pensjonat Willa Roztoka</li>
<li><a href="https://deski.org/oboz-narciarski-bukowina-tatrzanska-3/" target="_blank" rel="noopener">19 – 25.03.2017 r.</a>           Bukowina Tatrzańska                    Pensjonat Willa Roztoka</li>
</ol>
<p>&nbsp;</p>
<p><img loading="lazy" decoding="async" class="alignnone wp-image-1673" src="https://deski.org/wp-content/uploads/2016/08/12418020_1110595305619518_4424104963406683451_n-300x170.jpg" alt="12418020_1110595305619518_4424104963406683451_n" width="686" height="389" srcset="https://deski.org/wp-content/uploads/2016/08/12418020_1110595305619518_4424104963406683451_n-300x170.jpg 300w, https://deski.org/wp-content/uploads/2016/08/12418020_1110595305619518_4424104963406683451_n-24x14.jpg 24w, https://deski.org/wp-content/uploads/2016/08/12418020_1110595305619518_4424104963406683451_n-36x20.jpg 36w, https://deski.org/wp-content/uploads/2016/08/12418020_1110595305619518_4424104963406683451_n-48x27.jpg 48w, https://deski.org/wp-content/uploads/2016/08/12418020_1110595305619518_4424104963406683451_n.jpg 960w" sizes="auto, (max-width: 686px) 100vw, 686px" /></p>
<p>&nbsp;</p>
<p>Zapraszamy do zapoznania się ze szczegółami &#8211; <a href="https://deski.org/obozy/">TUTAJ</a>.</p>

<p>Zapraszamy do zapoznania się z ofertą wyjazdową na sezon 2016/2017. Tutaj znajdą Państwo wszystkie nasze wyjazdy. JESIEŃ 14 – 22.10.2016 r.           Stubaital Hotel Rogen                      rocznik: 2000 – 2008 04 – 12.11.2016 r.           Stubaital Hotel Rogen                      rocznik: 2005 – 2008 + dorośli z małymi dziećmi + dorośli samodzielnie 04 – 12.11.2016 r.           Alpengasthof Bärenbad                      rocznik: 2000 – 2004 &nbsp; FERIE – DZIECI I MŁODZIEŻ 11 – 22.02.2017 r.           Innerkrems         Hotel Zirbenhof                rocznik: 2000 – 2004 11 – 22.02.2017 r.           Hinterstoder     Hotel Lindbichler              rocznik: 2005 – 2008 12 – 24.02.2017 r.           Andalo                 Hotel Angelo                     rocznik: 2000 – 2008               obóz snowbordowy (w miarę wolnych miejsc zabieramy też narciarzy) &nbsp; FERIE – DOROŚLI Z DZIEĆMI + DOROŚLI SAMODZIELNIE 10 – 19.02.2017 r.           Folgaria               Hotel Luna Bianca ***S 17 – 26.02.2017 r.           Folgaria               Hotel Luna Bianca ***S Szkolenie narciarskie dla dorosłych na obozach w Folgarii będzie prowadził były reprezentant Polski w Pucharze Świata – JAN WOJTIUK &nbsp; URWISKI – PRZEDSZKOLE NARCIARSKIE WTS DESKI 05 – 11.03.2017 r.           Bukowina Tatrzańska                    Pensjonat Willa Roztoka 12 – 18.03.2017 r.           Bukowina [&hellip;]</p>
