{"id":21028,"date":"2024-03-05T07:15:51","date_gmt":"2024-03-05T07:15:51","guid":{"rendered":"https:\/\/deski.org\/?post_type=wyjazdy&#038;p=21028"},"modified":"2026-03-20T09:25:33","modified_gmt":"2026-03-20T09:25:33","slug":"polkolonie-tenisowe-w-warszawie-9","status":"publish","type":"wyjazdy","link":"https:\/\/deski.org\/en\/polkolonie-tenisowe-w-warszawie-9\/","title":{"rendered":"P\u00f3\u0142kolonie tenisowe w Warszawie #9"},"content":{"rendered":"<div class=\"wpb-content-wrapper\"><p>[vc_row][vc_column width=&#8221;1\/1&#8243;]<div class=\"spacer\" style=\"height: 20px;\"><\/div>[\/vc_column][\/vc_row][vc_row bg_color=&#8221;#f9f9f9&#8243;][vc_column width=&#8221;1\/1&#8243;][vc_tta_tabs style=&#8221;modern&#8221; color=&#8221;white&#8221; spacing=&#8221;10&#8243; active_section=&#8221;1&#8243; no_fill_content_area=&#8221;true&#8221;][vc_tta_section title=&#8221;Informacje&#8221; tab_id=&#8221;informacje&#8221;][vc_row_inner][vc_column_inner][vc_column_text]Serdecznie zapraszamy dzieci w wieku 6 \u2013 12 lat do uczestnictwa w p\u00f3\u0142koloniach organizowanych na terenie klubu DeSki. Gwarantujemy \u015bwietn\u0105 zabaw\u0119 w formie codziennych zaj\u0119\u0107 zar\u00f3wno tenisowych jak i og\u00f3lnorozwojowych oraz niepowtarzalne warsztaty artystyczno-naukowe.<\/p>\n<p>Zaj\u0119cia trwaj\u0105 od poniedzia\u0142ku do pi\u0105tku (8:00 \u2013 16:00)[\/vc_column_text]<h3 class=\"headline font-inherit fontsize-m fontweight-700 lh-inherit align-left transform-uppercase \" style=\"margin: 0 0 30px 0; color: #00458b;\">Program dnia przewiduje<\/h3>[vc_column_text]8:00-9:00 \u015aniadanie<br \/>\n9:00-10:00 Zaj\u0119cia tenisowe<br \/>\n10:00-11:30 Gry i zabawy og\u00f3lnorozwojowe<br \/>\n11:30\u201313:00 Warsztaty (ceramiczne, mydlarskie itp.) \/ Wyj\u015bcia zorganizowane (park trampolin, park zabaw itp.)<br \/>\n13:00-14:00 Obiad<br \/>\n14:00-15:00 Odpoczynek na \u015bwie\u017cym powietrzu\/ sjesta<br \/>\n15:00-16:00 Zaj\u0119cia tenisowe<br \/>\n16:00-16:45 Odbi\u00f3r dziecka<\/p>\n<p>Z racji dostosowania grafiku do r\u00f3\u017cnych grup wiekowych, mog\u0105 pojawi\u0107 si\u0119 zmiany w programie zaj\u0119\u0107.[\/vc_column_text]<h3 class=\"headline font-inherit fontsize-m fontweight-700 lh-inherit align-left transform-uppercase \" style=\"margin: 0 0 30px 0; color: #00458b;\">Informacje<\/h3>[vc_column_text]Kierownik: Maciej Dudziak<br \/>\nTelefon: 512 666 299[\/vc_column_text][\/vc_column_inner][\/vc_row_inner][\/vc_tta_section][vc_tta_section title=&#8221;Koszt&#8221; tab_id=&#8221;Koszt&#8221;][vc_row_inner][vc_column_inner][vc_column_text]<strong>\u00a01 450 z\u0142 \u00a0<\/strong><\/p>\n<p>Zaliczka &#8211; <u>800\u00a0<\/u>z\u0142 (stanowi potwierdzenie rezerwacji miejsca)<br \/>\nDop\u0142ata &#8211; <u>650<\/u>\u00a0z\u0142<\/p>\n<p>Zni\u017cka dla rodze\u0144stwa \u2013\u00a0<u>50 z\u0142<\/u>[\/vc_column_text]<div class=\"iconbox price-box wpb_content_element iconbox-style-1 icon-color-accent color-dark animation-none\"><h3><img src='https:\/\/deski.org\/wp-content\/uploads\/2017\/09\/card-tick-svgrepo-com.svg' class='iconimg' alt='Cena zawiera:' \/><span>Cena zawiera:<\/span><\/h3><p>\n<ul>\n<li>ubezpieczenie<\/li>\n<li>treningi sportowe<\/li>\n<li>warsztaty artystyczno-naukowe<\/li>\n<li>opiek\u0119 trenersk\u0105<\/li>\n<li>\u015bniadanie<\/li>\n<li>obiad<\/li>\n<li>podwieczorek<\/li>\n<\/ul>\n<\/p><\/div>[\/vc_column_inner][\/vc_row_inner]<div class=\"spacer\" style=\"height: 20px;\"><\/div>[\/vc_tta_section][\/vc_tta_tabs][\/vc_column][\/vc_row][vc_row top_padding=&#8221;20&#8243;][vc_column width=&#8221;1\/1&#8243;]<div class=\"minti_boxedholder   clearfix\" style=\"padding: 30px 30px 50px 30px; margin: 0px 0px 0px 0px; border-radius: 5px; border-width: 2px; border-color: #f7f7f7; \"><h3 class=\"headline font-inherit fontsize-xl fontweight-900 lh-inherit align-center transform-uppercase \" style=\"margin: 0 0 30px 0; color: #00458b;\">Galeria<\/h3>[vc_raw_html]JTVCdmlzdWFsX3BvcnRmb2xpbyUyMGlkJTNEJTIyMTg3MzIlMjIlNUQ=[\/vc_raw_html]<\/div>[\/vc_column][\/vc_row]<\/p>\n<\/div>","protected":false},"excerpt":{"rendered":"<p>[vc_row][vc_column width=&#8221;1\/1&#8243;][\/vc_column][\/vc_row][vc_row bg_color=&#8221;#f9f9f9&#8243;][vc_column width=&#8221;1\/1&#8243;][vc_tta_tabs style=&#8221;modern&#8221; color=&#8221;white&#8221; spacing=&#8221;10&#8243; active_section=&#8221;1&#8243; no_fill_content_area=&#8221;true&#8221;][vc_tta_section title=&#8221;Informacje&#8221; tab_id=&#8221;informacje&#8221;][vc_row_inner][vc_column_inner][vc_column_text]Serdecznie zapraszamy dzieci w wieku 6 \u2013 12 lat do uczestnictwa w p\u00f3\u0142koloniach organizowanych na terenie klubu DeSki. Gwarantujemy \u015bwietn\u0105 zabaw\u0119 w formie codziennych zaj\u0119\u0107 zar\u00f3wno tenisowych jak i og\u00f3lnorozwojowych oraz niepowtarzalne warsztaty artystyczno-naukowe. Zaj\u0119cia trwaj\u0105 od poniedzia\u0142ku do pi\u0105tku (8:00 \u2013 16:00)[\/vc_column_text][vc_column_text]8:00-9:00 \u015aniadanie 9:00-10:00 Zaj\u0119cia tenisowe 10:00-11:30 Gry i zabawy og\u00f3lnorozwojowe 11:30\u201313:00 Warsztaty (ceramiczne, mydlarskie itp.) \/ Wyj\u015bcia zorganizowane (park trampolin, park zabaw itp.) 13:00-14:00 Obiad 14:00-15:00 Odpoczynek na \u015bwie\u017cym powietrzu\/ sjesta 15:00-16:00 Zaj\u0119cia tenisowe 16:00-16:45 Odbi\u00f3r dziecka Z racji dostosowania grafiku do r\u00f3\u017cnych grup wiekowych, mog\u0105 pojawi\u0107 si\u0119 zmiany w programie zaj\u0119\u0107.[\/vc_column_text][vc_column_text]Kierownik: Maciej Dudziak Telefon: 512 666 299[\/vc_column_text][\/vc_column_inner][\/vc_row_inner][\/vc_tta_section][vc_tta_section title=&#8221;Koszt&#8221; tab_id=&#8221;Koszt&#8221;][vc_row_inner][vc_column_inner][vc_column_text]\u00a01 450 z\u0142 \u00a0 Zaliczka &#8211; 800\u00a0z\u0142 (stanowi potwierdzenie rezerwacji miejsca) Dop\u0142ata &#8211; 650\u00a0z\u0142 Zni\u017cka dla rodze\u0144stwa \u2013\u00a050 z\u0142[\/vc_column_text][\/vc_column_inner][\/vc_row_inner][\/vc_tta_section][\/vc_tta_tabs][\/vc_column][\/vc_row][vc_row top_padding=&#8221;20&#8243;][vc_column width=&#8221;1\/1&#8243;][\/vc_column][\/vc_row]<\/p>\n","protected":false},"author":6,"featured_media":18722,"parent":0,"template":"","meta":{"_acf_changed":false,"_mo_disable_npp":"","_vp_format_video_url":"","_vp_image_focal_point":[],"footnotes":""},"class_list":["post-21028","wyjazdy","type-wyjazdy","status-publish","has-post-thumbnail","hentry","kategoria_wyjazdw-polkolonie","kategoria_wyjazdw-polkolonie-tenisowe"],"acf":[],"aioseo_notices":[],"_links":{"self":[{"href":"https:\/\/deski.org\/en\/wp-json\/wp\/v2\/wyjazdy\/21028","targetHints":{"allow":["GET"]}}],"collection":[{"href":"https:\/\/deski.org\/en\/wp-json\/wp\/v2\/wyjazdy"}],"about":[{"href":"https:\/\/deski.org\/en\/wp-json\/wp\/v2\/types\/wyjazdy"}],"author":[{"embeddable":true,"href":"https:\/\/deski.org\/en\/wp-json\/wp\/v2\/users\/6"}],"version-history":[{"count":9,"href":"https:\/\/deski.org\/en\/wp-json\/wp\/v2\/wyjazdy\/21028\/revisions"}],"predecessor-version":[{"id":26865,"href":"https:\/\/deski.org\/en\/wp-json\/wp\/v2\/wyjazdy\/21028\/revisions\/26865"}],"wp:featuredmedia":[{"embeddable":true,"href":"https:\/\/deski.org\/en\/wp-json\/wp\/v2\/media\/18722"}],"wp:attachment":[{"href":"https:\/\/deski.org\/en\/wp-json\/wp\/v2\/media?parent=21028"}],"curies":[{"name":"wp","href":"https:\/\/api.w.org\/{rel}","templated":true}]}}

Półkolonie tenisowe w Warszawie #9

<div class="wpb-content-wrapper"><p>[vc_row][vc_column width=&#8221;1/1&#8243;]<div class="spacer" style="height: 20px;"></div>[/vc_column][/vc_row][vc_row bg_color=&#8221;#f9f9f9&#8243;][vc_column width=&#8221;1/1&#8243;][vc_tta_tabs style=&#8221;modern&#8221; color=&#8221;white&#8221; spacing=&#8221;10&#8243; active_section=&#8221;1&#8243; no_fill_content_area=&#8221;true&#8221;][vc_tta_section title=&#8221;Informacje&#8221; tab_id=&#8221;informacje&#8221;][vc_row_inner][vc_column_inner][vc_column_text]Serdecznie zapraszamy dzieci w wieku 6 – 12 lat do uczestnictwa w półkoloniach organizowanych na terenie klubu DeSki. Gwarantujemy świetną zabawę w formie codziennych zajęć zarówno tenisowych jak i ogólnorozwojowych oraz niepowtarzalne warsztaty artystyczno-naukowe.</p>
<p>Zajęcia trwają od poniedziałku do piątku (8:00 – 16:00)[/vc_column_text]<h3 class="headline font-inherit fontsize-m fontweight-700 lh-inherit align-left transform-uppercase " style="margin: 0 0 30px 0; color: #00458b;">Program dnia przewiduje</h3>[vc_column_text]8:00-9:00 Śniadanie<br />
9:00-10:00 Zajęcia tenisowe<br />
10:00-11:30 Gry i zabawy ogólnorozwojowe<br />
11:30–13:00 Warsztaty (ceramiczne, mydlarskie itp.) / Wyjścia zorganizowane (park trampolin, park zabaw itp.)<br />
13:00-14:00 Obiad<br />
14:00-15:00 Odpoczynek na świeżym powietrzu/ sjesta<br />
15:00-16:00 Zajęcia tenisowe<br />
16:00-16:45 Odbiór dziecka</p>
<p>Z racji dostosowania grafiku do różnych grup wiekowych, mogą pojawić się zmiany w programie zajęć.[/vc_column_text]<h3 class="headline font-inherit fontsize-m fontweight-700 lh-inherit align-left transform-uppercase " style="margin: 0 0 30px 0; color: #00458b;">Informacje</h3>[vc_column_text]Kierownik: Maciej Dudziak<br />
Telefon: 512 666 299[/vc_column_text][/vc_column_inner][/vc_row_inner][/vc_tta_section][vc_tta_section title=&#8221;Koszt&#8221; tab_id=&#8221;Koszt&#8221;][vc_row_inner][vc_column_inner][vc_column_text]<strong> 1 450 zł  </strong></p>
<p>Zaliczka &#8211; <u>800 </u>zł (stanowi potwierdzenie rezerwacji miejsca)<br />
Dopłata &#8211; <u>650</u> zł</p>
<p>Zniżka dla rodzeństwa – <u>50 zł</u>[/vc_column_text]<div class="iconbox price-box wpb_content_element iconbox-style-1 icon-color-accent color-dark animation-none"><h3><img src='https://deski.org/wp-content/uploads/2017/09/card-tick-svgrepo-com.svg' class='iconimg' alt='Cena zawiera:' /><span>Cena zawiera:</span></h3><p>
<ul>
<li>ubezpieczenie</li>
<li>treningi sportowe</li>
<li>warsztaty artystyczno-naukowe</li>
<li>opiekę trenerską</li>
<li>śniadanie</li>
<li>obiad</li>
<li>podwieczorek</li>
</ul>
</p></div>[/vc_column_inner][/vc_row_inner]<div class="spacer" style="height: 20px;"></div>[/vc_tta_section][/vc_tta_tabs][/vc_column][/vc_row][vc_row top_padding=&#8221;20&#8243;][vc_column width=&#8221;1/1&#8243;]<div class="minti_boxedholder   clearfix" style="padding: 30px 30px 50px 30px; margin: 0px 0px 0px 0px; border-radius: 5px; border-width: 2px; border-color: #f7f7f7; "><h3 class="headline font-inherit fontsize-xl fontweight-900 lh-inherit align-center transform-uppercase " style="margin: 0 0 30px 0; color: #00458b;">Galeria</h3>[vc_raw_html]JTVCdmlzdWFsX3BvcnRmb2xpbyUyMGlkJTNEJTIyMTg3MzIlMjIlNUQ=[/vc_raw_html]</div>[/vc_column][/vc_row]</p>
</div>

<p>[vc_row][vc_column width=&#8221;1/1&#8243;][/vc_column][/vc_row][vc_row bg_color=&#8221;#f9f9f9&#8243;][vc_column width=&#8221;1/1&#8243;][vc_tta_tabs style=&#8221;modern&#8221; color=&#8221;white&#8221; spacing=&#8221;10&#8243; active_section=&#8221;1&#8243; no_fill_content_area=&#8221;true&#8221;][vc_tta_section title=&#8221;Informacje&#8221; tab_id=&#8221;informacje&#8221;][vc_row_inner][vc_column_inner][vc_column_text]Serdecznie zapraszamy dzieci w wieku 6 – 12 lat do uczestnictwa w półkoloniach organizowanych na terenie klubu DeSki. Gwarantujemy świetną zabawę w formie codziennych zajęć zarówno tenisowych jak i ogólnorozwojowych oraz niepowtarzalne warsztaty artystyczno-naukowe. Zajęcia trwają od poniedziałku do piątku (8:00 – 16:00)[/vc_column_text][vc_column_text]8:00-9:00 Śniadanie 9:00-10:00 Zajęcia tenisowe 10:00-11:30 Gry i zabawy ogólnorozwojowe 11:30–13:00 Warsztaty (ceramiczne, mydlarskie itp.) / Wyjścia zorganizowane (park trampolin, park zabaw itp.) 13:00-14:00 Obiad 14:00-15:00 Odpoczynek na świeżym powietrzu/ sjesta 15:00-16:00 Zajęcia tenisowe 16:00-16:45 Odbiór dziecka Z racji dostosowania grafiku do różnych grup wiekowych, mogą pojawić się zmiany w programie zajęć.[/vc_column_text][vc_column_text]Kierownik: Maciej Dudziak Telefon: 512 666 299[/vc_column_text][/vc_column_inner][/vc_row_inner][/vc_tta_section][vc_tta_section title=&#8221;Koszt&#8221; tab_id=&#8221;Koszt&#8221;][vc_row_inner][vc_column_inner][vc_column_text] 1 450 zł   Zaliczka &#8211; 800 zł (stanowi potwierdzenie rezerwacji miejsca) Dopłata &#8211; 650 zł Zniżka dla rodzeństwa – 50 zł[/vc_column_text][/vc_column_inner][/vc_row_inner][/vc_tta_section][/vc_tta_tabs][/vc_column][/vc_row][vc_row top_padding=&#8221;20&#8243;][vc_column width=&#8221;1/1&#8243;][/vc_column][/vc_row]</p>
